Last updated on 2025-10-24 13:49:38 CEST.
| Flavor | Version | Tinstall | Tcheck | Ttotal | Status | Flags |
|---|---|---|---|---|---|---|
| r-devel-linux-x86_64-debian-clang | 0.9.2 | 377.85 | 1292.31 | 1670.16 | OK | |
| r-devel-linux-x86_64-debian-gcc | 0.9.2 | 212.80 | 803.90 | 1016.70 | OK | |
| r-devel-linux-x86_64-fedora-clang | 0.9.2 | 1980.00 | 715.37 | 2695.37 | OK | |
| r-devel-linux-x86_64-fedora-gcc | 0.9.2 | 720.00 | 1703.41 | 2423.41 | OK | |
| r-devel-windows-x86_64 | 0.9.2 | 337.00 | 1215.00 | 1552.00 | OK | |
| r-patched-linux-x86_64 | 0.9.2 | 374.19 | 1220.22 | 1594.41 | OK | |
| r-release-linux-x86_64 | 0.9.2 | 350.23 | 1222.76 | 1572.99 | OK | |
| r-release-macos-arm64 | 0.9.2 | 158.00 | 639.00 | 797.00 | OK | |
| r-release-macos-x86_64 | 0.9.2 | 322.00 | 1284.00 | 1606.00 | OK | |
| r-release-windows-x86_64 | 0.9.2 | 359.00 | 1231.00 | 1590.00 | OK | |
| r-oldrel-macos-arm64 | 0.9.2 | 177.00 | 659.00 | 836.00 | NOTE | |
| r-oldrel-macos-x86_64 | 0.9.2 | 332.00 | 1253.00 | 1585.00 | NOTE | |
| r-oldrel-windows-x86_64 | 0.9.2 | 486.00 | 1721.00 | 2207.00 | NOTE |
Version: 0.9.2
Check: installed package size
Result: NOTE
installed size is 23.7Mb
sub-directories of 1Mb or more:
R 13.0Mb
extdata 6.4Mb
help 4.1Mb
Flavors: r-oldrel-macos-arm64, r-oldrel-macos-x86_64, r-oldrel-windows-x86_64
These binaries (installable software) and packages are in development.
They may not be fully stable and should be used with caution. We make no claims about them.