CRAN Package Check Results for Package geometa

Last updated on 2025-07-26 07:50:23 CEST.

Flavor Version Tinstall Tcheck Ttotal Status Flags
r-devel-linux-x86_64-debian-clang 0.9.2 364.73 1303.26 1667.99 OK
r-devel-linux-x86_64-debian-gcc 0.9.2 216.10 797.47 1013.57 OK
r-devel-linux-x86_64-fedora-clang 0.9.2 2485.68 OK
r-devel-linux-x86_64-fedora-gcc 0.9.2 2433.19 OK
r-devel-windows-x86_64 0.9.2 355.00 1220.00 1575.00 OK
r-patched-linux-x86_64 0.9.2 352.40 1191.54 1543.94 OK
r-release-linux-x86_64 0.9.2 340.81 1209.78 1550.59 OK
r-release-macos-arm64 0.9.2 797.00 OK
r-release-macos-x86_64 0.9.2 1606.00 OK
r-release-windows-x86_64 0.9.2 352.00 1220.00 1572.00 OK
r-oldrel-macos-arm64 0.9.2 836.00 NOTE
r-oldrel-macos-x86_64 0.9.2 1585.00 NOTE
r-oldrel-windows-x86_64 0.9.2 488.00 1642.00 2130.00 NOTE

Check Details

Version: 0.9.2
Check: installed package size
Result: NOTE installed size is 23.7Mb sub-directories of 1Mb or more: R 13.0Mb extdata 6.4Mb help 4.1Mb Flavors: r-oldrel-macos-arm64, r-oldrel-macos-x86_64, r-oldrel-windows-x86_64

These binaries (installable software) and packages are in development.
They may not be fully stable and should be used with caution. We make no claims about them.