CRAN Package Check Results for Package geonames

Last updated on 2025-10-23 23:49:30 CEST.

Flavor Version Tinstall Tcheck Ttotal Status Flags
r-devel-linux-x86_64-debian-clang 0.999 1.74 21.35 23.09 NOTE
r-devel-linux-x86_64-debian-gcc 0.999 1.45 17.54 18.99 NOTE
r-devel-linux-x86_64-fedora-clang 0.999 33.81 OK
r-devel-linux-x86_64-fedora-gcc 0.999 31.67 OK
r-devel-windows-x86_64 0.999 3.00 41.00 44.00 OK
r-patched-linux-x86_64 0.999 2.23 19.69 21.92 OK
r-release-linux-x86_64 0.999 1.88 19.90 21.78 OK
r-release-macos-arm64 0.999 1.00 19.00 20.00 OK
r-release-macos-x86_64 0.999 3.00 24.00 27.00 OK
r-release-windows-x86_64 0.999 3.00 47.00 50.00 OK
r-oldrel-macos-arm64 0.999 1.00 13.00 14.00 OK
r-oldrel-macos-x86_64 0.999 1.00 22.00 23.00 OK
r-oldrel-windows-x86_64 0.999 3.00 44.00 47.00 OK

Check Details

Version: 0.999
Check: CRAN incoming feasibility
Result: NOTE Maintainer: ‘Barry Rowlingson <b.rowlingson@gmail.com>’ No Authors@R field in DESCRIPTION. Please add one, modifying Authors@R: person(given = "Barry", family = "Rowlingson", role = c("aut", "cre"), email = "b.rowlingson@gmail.com") as necessary. Flavors: r-devel-linux-x86_64-debian-clang, r-devel-linux-x86_64-debian-gcc

These binaries (installable software) and packages are in development.
They may not be fully stable and should be used with caution. We make no claims about them.