CRAN Package Check Results for Package geonode4R

Last updated on 2025-05-23 01:50:57 CEST.

Flavor Version Tinstall Tcheck Ttotal Status Flags
r-devel-linux-x86_64-debian-clang 0.1-1 6.43 36.81 43.24 NOTE
r-devel-linux-x86_64-debian-gcc 0.1-1 4.24 28.10 32.34 NOTE
r-devel-linux-x86_64-fedora-clang 0.1-1 69.24 OK
r-devel-linux-x86_64-fedora-gcc 0.1-1 77.69 OK
r-devel-windows-x86_64 0.1-1 9.00 109.00 118.00 NOTE
r-patched-linux-x86_64 0.1-1 6.22 34.98 41.20 NOTE
r-release-linux-x86_64 0.1-1 6.44 34.77 41.21 NOTE
r-release-macos-arm64 0.1-1 31.00 OK
r-release-macos-x86_64 0.1-1 61.00 OK
r-release-windows-x86_64 0.1-1 9.00 89.00 98.00 NOTE
r-oldrel-macos-arm64 0.1-1 30.00 OK
r-oldrel-macos-x86_64 0.1-1 44.00 OK
r-oldrel-windows-x86_64 0.1-1 11.00 63.00 74.00 OK

Check Details

Version: 0.1-1
Check: Rd cross-references
Result: NOTE Found the following Rd file(s) with Rd \link{} targets missing package anchors: GeoNodeManager.Rd: R6Class GeoNodeUtils.Rd: R6Class GeoNodeVersion.Rd: R6Class Please provide package anchors for all Rd \link{} targets not in the package itself and the base packages. Flavors: r-devel-linux-x86_64-debian-clang, r-devel-linux-x86_64-debian-gcc, r-devel-windows-x86_64, r-patched-linux-x86_64, r-release-linux-x86_64, r-release-windows-x86_64

These binaries (installable software) and packages are in development.
They may not be fully stable and should be used with caution. We make no claims about them.