CRAN Package Check Results for Package geos

Last updated on 2025-10-23 21:51:28 CEST.

Flavor Version Tinstall Tcheck Ttotal Status Flags
r-devel-linux-x86_64-debian-clang 0.2.4 10.52 42.63 53.15 NOTE
r-devel-linux-x86_64-debian-gcc 0.2.4 9.42 30.99 40.41 OK
r-devel-linux-x86_64-fedora-clang 0.2.4 33.00 48.79 81.79 OK
r-devel-linux-x86_64-fedora-gcc 0.2.4 27.00 51.33 78.33 OK
r-devel-windows-x86_64 0.2.4 21.00 78.00 99.00 OK
r-patched-linux-x86_64 0.2.4 12.78 39.19 51.97 OK
r-release-linux-x86_64 0.2.4 11.40 39.22 50.62 OK
r-release-macos-arm64 0.2.4 7.00 24.00 31.00 OK
r-release-macos-x86_64 0.2.4 10.00 38.00 48.00 OK
r-release-windows-x86_64 0.2.4 26.00 81.00 107.00 OK
r-oldrel-macos-arm64 0.2.4 6.00 21.00 27.00 OK
r-oldrel-macos-x86_64 0.2.4 7.00 32.00 39.00 OK
r-oldrel-windows-x86_64 0.2.4 25.00 97.00 122.00 OK

Check Details

Version: 0.2.4
Check: HTML version of manual
Result: NOTE Found the following HTML validation problems: geos_minimum_bounding_circle.html:66:1 (geos_minimum_bounding_circle.Rd:31): Warning: missing </ul> before </div> vctrs-methods.html:48:1 (vctrs-methods.Rd:14): Warning: missing </ul> before </div> Flavor: r-devel-linux-x86_64-debian-clang

These binaries (installable software) and packages are in development.
They may not be fully stable and should be used with caution. We make no claims about them.