Last updated on 2025-10-24 13:49:38 CEST.
| Flavor | Version | Tinstall | Tcheck | Ttotal | Status | Flags |
|---|---|---|---|---|---|---|
| r-devel-linux-x86_64-debian-clang | 2.0.1 | 2.82 | 24.19 | 27.01 | NOTE | |
| r-devel-linux-x86_64-debian-gcc | 2.0.1 | 1.92 | 19.46 | 21.38 | NOTE | |
| r-devel-linux-x86_64-fedora-clang | 2.0.1 | 40.83 | OK | |||
| r-devel-linux-x86_64-fedora-gcc | 2.0.1 | 37.80 | OK | |||
| r-devel-windows-x86_64 | 2.0.1 | 5.00 | 44.00 | 49.00 | OK | |
| r-patched-linux-x86_64 | 2.0.1 | 2.54 | 23.15 | 25.69 | OK | |
| r-release-linux-x86_64 | 2.0.1 | 2.76 | 23.09 | 25.85 | OK | |
| r-release-macos-arm64 | 2.0.1 | 1.00 | 15.00 | 16.00 | OK | |
| r-release-macos-x86_64 | 2.0.1 | 2.00 | 24.00 | 26.00 | OK | |
| r-release-windows-x86_64 | 2.0.1 | 4.00 | 48.00 | 52.00 | OK | |
| r-oldrel-macos-arm64 | 2.0.1 | 1.00 | 21.00 | 22.00 | OK | |
| r-oldrel-macos-x86_64 | 2.0.1 | 2.00 | 24.00 | 26.00 | OK | |
| r-oldrel-windows-x86_64 | 2.0.1 | 3.00 | 45.00 | 48.00 | OK |
Version: 2.0.1
Check: CRAN incoming feasibility
Result: NOTE
Maintainer: ‘Mark A. Bell <mark.bell521@gmail.com>’
No Authors@R field in DESCRIPTION.
Please add one, modifying
Authors@R: c(person(given = c("Mark", "A."),
family = "Bell.",
role = "aut",
email = "mark.bell521@gmail.com"),
person(given = c("Mark", "A."),
family = "Bell",
role = "cre",
email = "mark.bell521@gmail.com"))
as necessary.
Found the following \keyword or \concept entries
which likely give several index terms:
File ‘geoscale-package.Rd’:
\keyword{time-series,plot}
File ‘geoscaleBox.Rd’:
\keyword{time-series,plot}
File ‘geoscalePlot.Rd’:
\keyword{time-series,plot}
Flavors: r-devel-linux-x86_64-debian-clang, r-devel-linux-x86_64-debian-gcc
These binaries (installable software) and packages are in development.
They may not be fully stable and should be used with caution. We make no claims about them.