CRAN Package Check Results for Package geospark

Last updated on 2025-10-03 01:49:46 CEST.

Flavor Version Tinstall Tcheck Ttotal Status Flags
r-devel-linux-x86_64-debian-clang 0.3.1 6.23 57.06 63.29 OK
r-devel-linux-x86_64-debian-gcc 0.3.1 4.19 39.84 44.03 OK
r-devel-linux-x86_64-fedora-clang 0.3.1 92.58 NOTE
r-devel-linux-x86_64-fedora-gcc 0.3.1 84.58 NOTE
r-devel-windows-x86_64 0.3.1 8.00 66.00 74.00 OK
r-patched-linux-x86_64 0.3.1 6.30 49.67 55.97 OK
r-release-linux-x86_64 0.3.1 5.72 49.40 55.12 OK
r-release-macos-arm64 0.3.1 33.00 OK
r-release-macos-x86_64 0.3.1 52.00 OK
r-release-windows-x86_64 0.3.1 8.00 67.00 75.00 OK
r-oldrel-macos-arm64 0.3.1 34.00 NOTE
r-oldrel-macos-x86_64 0.3.1 48.00 NOTE
r-oldrel-windows-x86_64 0.3.1 9.00 78.00 87.00 NOTE

Check Details

Version: 0.3.1
Check: dependencies in R code
Result: NOTE Namespace in Imports field not imported from: ‘dbplyr’ All declared Imports should be used. Flavors: r-devel-linux-x86_64-fedora-clang, r-devel-linux-x86_64-fedora-gcc

Version: 0.3.1
Check: LazyData
Result: NOTE 'LazyData' is specified without a 'data' directory Flavors: r-oldrel-macos-arm64, r-oldrel-macos-x86_64, r-oldrel-windows-x86_64

These binaries (installable software) and packages are in development.
They may not be fully stable and should be used with caution. We make no claims about them.