CRAN Package Check Results for Package geosphere

Last updated on 2025-07-26 01:50:51 CEST.

Flavor Version Tinstall Tcheck Ttotal Status Flags
r-devel-linux-x86_64-debian-clang 1.5-20 68.17 79.48 147.65 OK
r-devel-linux-x86_64-debian-gcc 1.5-20 50.55 54.60 105.15 OK
r-devel-linux-x86_64-fedora-clang 1.5-20 298.76 OK
r-devel-linux-x86_64-fedora-gcc 1.5-20 269.72 OK
r-devel-windows-x86_64 1.5-20 106.00 135.00 241.00 OK
r-patched-linux-x86_64 1.5-20 64.22 74.93 139.15 OK
r-release-linux-x86_64 1.5-20 67.25 74.93 142.18 OK
r-release-macos-arm64 1.5-20 66.00 OK
r-release-macos-x86_64 1.5-20 119.00 OK
r-release-windows-x86_64 1.5-20 104.00 125.00 229.00 OK
r-oldrel-macos-arm64 1.5-20 80.00 NOTE
r-oldrel-macos-x86_64 1.5-20 122.00 NOTE
r-oldrel-windows-x86_64 1.5-20 115.00 150.00 265.00 OK

Check Details

Version: 1.5-20
Check: installed package size
Result: NOTE installed size is 6.1Mb sub-directories of 1Mb or more: libs 5.1Mb Flavors: r-oldrel-macos-arm64, r-oldrel-macos-x86_64

These binaries (installable software) and packages are in development.
They may not be fully stable and should be used with caution. We make no claims about them.