CRAN Package Check Results for Package geospt

Last updated on 2025-02-16 10:50:47 CET.

Flavor Version Tinstall Tcheck Ttotal Status Flags
r-devel-linux-x86_64-debian-clang 1.0-4 8.42 85.86 94.28 NOTE
r-devel-linux-x86_64-debian-gcc 1.0-4 5.44 59.75 65.19 NOTE
r-devel-linux-x86_64-fedora-clang 1.0-4 167.48 OK
r-devel-linux-x86_64-fedora-gcc 1.0-4 143.33 OK
r-devel-macos-arm64 1.0-4 40.00 OK
r-devel-macos-x86_64 1.0-4 84.00 OK
r-devel-windows-x86_64 1.0-4 9.00 105.00 114.00 NOTE
r-patched-linux-x86_64 1.0-4 13.89 81.57 95.46 OK
r-release-linux-x86_64 1.0-4 6.96 81.02 87.98 OK
r-release-macos-arm64 1.0-4 41.00 OK
r-release-macos-x86_64 1.0-4 61.00 OK
r-release-windows-x86_64 1.0-4 10.00 113.00 123.00 OK
r-oldrel-macos-arm64 1.0-4 49.00 OK
r-oldrel-macos-x86_64 1.0-4 86.00 OK
r-oldrel-windows-x86_64 1.0-4 13.00 126.00 139.00 OK

Check Details

Version: 1.0-4
Check: Rd cross-references
Result: NOTE Found the following Rd file(s) with Rd \link{} targets missing package anchors: idw.cv.Rd: idw network.design.Rd: krige, spsample, krige.cv, point.in.polygon Please provide package anchors for all Rd \link{} targets not in the package itself and the base packages. Flavors: r-devel-linux-x86_64-debian-clang, r-devel-linux-x86_64-debian-gcc, r-devel-windows-x86_64

These binaries (installable software) and packages are in development.
They may not be fully stable and should be used with caution. We make no claims about them.