Last updated on 2025-10-09 23:51:14 CEST.
Flavor | Version | Tinstall | Tcheck | Ttotal | Status | Flags |
---|---|---|---|---|---|---|
r-devel-linux-x86_64-debian-clang | 0.8.2 | 283.11 | 561.01 | 844.12 | OK | |
r-devel-linux-x86_64-debian-gcc | 0.8.2 | 244.38 | 397.42 | 641.80 | OK | |
r-devel-linux-x86_64-fedora-clang | 0.8.2 | 1249.37 | NOTE | |||
r-devel-linux-x86_64-fedora-gcc | 0.8.2 | 1365.75 | NOTE | |||
r-devel-windows-x86_64 | 0.8.2 | 269.00 | 604.00 | 873.00 | OK | |
r-patched-linux-x86_64 | 0.8.2 | 313.54 | 556.23 | 869.77 | OK | |
r-release-linux-x86_64 | 0.8.2 | 317.17 | 552.09 | 869.26 | OK | |
r-release-macos-arm64 | 0.8.2 | 229.00 | OK | |||
r-release-macos-x86_64 | 0.8.2 | 423.00 | OK | |||
r-release-windows-x86_64 | 0.8.2 | 279.00 | 600.00 | 879.00 | OK | |
r-oldrel-macos-arm64 | 0.8.2 | 260.00 | NOTE | |||
r-oldrel-macos-x86_64 | 0.8.2 | 422.00 | NOTE | |||
r-oldrel-windows-x86_64 | 0.8.2 | 326.00 | 755.00 | 1081.00 | NOTE |
Version: 0.8.2
Check: dependencies in R code
Result: NOTE
Namespaces in Imports field not imported from:
‘RcppParallel’ ‘rstantools’ ‘spData’
All declared Imports should be used.
Flavors: r-devel-linux-x86_64-fedora-clang, r-devel-linux-x86_64-fedora-gcc
Version: 0.8.2
Check: installed package size
Result: NOTE
installed size is 111.8Mb
sub-directories of 1Mb or more:
doc 1.2Mb
libs 109.4Mb
Flavors: r-oldrel-macos-arm64, r-oldrel-macos-x86_64, r-oldrel-windows-x86_64
Version: 0.8.2
Check: for GNU extensions in Makefiles
Result: NOTE
GNU make is a SystemRequirements.
Flavors: r-oldrel-macos-arm64, r-oldrel-macos-x86_64, r-oldrel-windows-x86_64
These binaries (installable software) and packages are in development.
They may not be fully stable and should be used with caution. We make no claims about them.