Last updated on 2025-11-12 23:50:45 CET.
| Flavor | Version | Tinstall | Tcheck | Ttotal | Status | Flags |
|---|---|---|---|---|---|---|
| r-devel-linux-x86_64-debian-clang | 2.0.8 | 36.79 | 554.82 | 591.61 | OK | |
| r-devel-linux-x86_64-debian-gcc | 2.0.8 | 23.17 | 365.07 | 388.24 | OK | |
| r-devel-linux-x86_64-fedora-clang | 2.0.8 | 152.00 | 376.69 | 528.69 | ERROR | |
| r-devel-linux-x86_64-fedora-gcc | 2.0.8 | 92.00 | 740.94 | 832.94 | ERROR | |
| r-devel-windows-x86_64 | 2.0.8 | 39.00 | 458.00 | 497.00 | OK | |
| r-patched-linux-x86_64 | 2.0.8 | 39.92 | 551.45 | 591.37 | OK | |
| r-release-linux-x86_64 | 2.0.8 | 29.54 | 550.86 | 580.40 | OK | |
| r-release-macos-arm64 | 2.0.8 | 17.00 | 285.00 | 302.00 | OK | |
| r-release-macos-x86_64 | 2.0.8 | 36.00 | 520.00 | 556.00 | OK | |
| r-release-windows-x86_64 | 2.0.8 | 40.00 | 455.00 | 495.00 | OK | |
| r-oldrel-macos-arm64 | 2.0.8 | 16.00 | 256.00 | 272.00 | NOTE | |
| r-oldrel-macos-x86_64 | 2.0.8 | 68.00 | 648.00 | 716.00 | NOTE | |
| r-oldrel-windows-x86_64 | 2.0.8 | 56.00 | 605.00 | 661.00 | NOTE |
Version: 2.0.8
Check: examples
Result: ERROR
Running examples in ‘geostatsp-Ex.R’ failed
The error most likely occurred in:
> ### Name: RFsimulate
> ### Title: Simulation of Random Fields
> ### Aliases: RFsimulate modelRandomFields RFsimulate RFsimulate-methods
> ### RFsimulate,ANY,SpatRaster-method RFsimulate,numeric,SpatRaster-method
> ### RFsimulate,numeric,SpatVector-method
> ### RFsimulate,RMmodel,SpatVector-method
> ### RFsimulate,RMmodel,SpatRaster-method
> ### RFsimulate,matrix,SpatRaster-method
> ### RFsimulate,matrix,SpatVector-method RFsimulate,data.frame,ANY-method
> ### Keywords: spatial
>
> ### ** Examples
>
> library('geostatsp')
>
> # exclude this line to use the RandomFields package
> options(useRandomFields = FALSE)
>
> model1 <- c(var=5, range=1,shape=0.5)
>
>
> myraster = rast(nrows=20,ncols=30,extent = ext(0,6,0,4),
+ crs="+proj=utm +zone=17 +datum=NAD27 +units=m +no_defs")
>
> set.seed(0)
>
> simu <- RFsimulate(model1, x=myraster, n=3)
install the RandomFields package for faster simulations
OMP: Warning #96: Cannot form a team with 24 threads, using 2 instead.
OMP: Hint Consider unsetting KMP_DEVICE_THREAD_LIMIT (KMP_ALL_THREADS), KMP_TEAMS_THREAD_LIMIT, and OMP_THREAD_LIMIT (if any are set).
Flavor: r-devel-linux-x86_64-fedora-clang
Version: 2.0.8
Check: tests
Result: ERROR
Running ‘RFsimulate.R’ [90m/45m]
Running ‘krige.R’ [12s/13s]
Running ‘lgcp.R’ [11s/11s]
Running ‘lgm.R’ [47s/37s]
Running ‘lgmRaster.R’ [0m/44m]
Running ‘likfitLgm.R’
Running the tests in ‘tests/RFsimulate.R’ failed.
Complete output:
> library("geostatsp")
Loading required package: Matrix
Loading required package: terra
terra 1.8.80
>
> model <- c(var=5, range=20,shape=0.5)
>
> # any old crs
> theCrs = "+proj=utm +zone=17 +datum=NAD27 +units=m +no_defs"
>
> # don't test using the randomFields package, it's currently broken on some R builds
> options(useRandomFields = FALSE)
>
> myraster = rast(nrows=20,ncols=20,extent = ext(100,110,100,110),
+ crs=theCrs)
>
> set.seed(0)
> simu = RFsimulate(model = rbind(a=model, b=model+0.1),
+ x=myraster, n=4
+ )
OMP: Warning #96: Cannot form a team with 24 threads, using 2 instead.
OMP: Hint Consider unsetting KMP_DEVICE_THREAD_LIMIT (KMP_ALL_THREADS), KMP_TEAMS_THREAD_LIMIT, and OMP_THREAD_LIMIT (if any are set).
Running the tests in ‘tests/lgmRaster.R’ failed.
Complete output:
> #+ setup
> library('geostatsp')
Loading required package: Matrix
Loading required package: terra
terra 1.8.80
> #'
>
> #' # simulated data
>
> # exclude this line to use the RandomFields package
> options(useRandomFields = FALSE)
>
> Ncell = 40
>
> myRaster = squareRaster(ext(0,6000,0,6000), Ncell)
>
> myParam=c(oneminusar=0.1, conditionalVariance=2.5^2,shape=2)
> myQ = maternGmrfPrec(myRaster, param=myParam)
> attributes(myQ)$info$optimalShape
shape variance range cellSize
4.092496 110.524266 900.000000 150.000000
> set.seed(0)
> mySim = RFsimulate(attributes(myQ)$info$optimalShape, myRaster)
install the RandomFields package for faster simulations
OMP: Warning #96: Cannot form a team with 24 threads, using 2 instead.
OMP: Hint Consider unsetting KMP_DEVICE_THREAD_LIMIT (KMP_ALL_THREADS), KMP_TEAMS_THREAD_LIMIT, and OMP_THREAD_LIMIT (if any are set).
Flavor: r-devel-linux-x86_64-fedora-clang
Version: 2.0.8
Check: examples
Result: ERROR
Running examples in ‘geostatsp-Ex.R’ failed
The error most likely occurred in:
> ### Name: RFsimulate
> ### Title: Simulation of Random Fields
> ### Aliases: RFsimulate modelRandomFields RFsimulate RFsimulate-methods
> ### RFsimulate,ANY,SpatRaster-method RFsimulate,numeric,SpatRaster-method
> ### RFsimulate,numeric,SpatVector-method
> ### RFsimulate,RMmodel,SpatVector-method
> ### RFsimulate,RMmodel,SpatRaster-method
> ### RFsimulate,matrix,SpatRaster-method
> ### RFsimulate,matrix,SpatVector-method RFsimulate,data.frame,ANY-method
> ### Keywords: spatial
>
> ### ** Examples
>
> library('geostatsp')
>
> # exclude this line to use the RandomFields package
> options(useRandomFields = FALSE)
>
> model1 <- c(var=5, range=1,shape=0.5)
>
>
> myraster = rast(nrows=20,ncols=30,extent = ext(0,6,0,4),
+ crs="+proj=utm +zone=17 +datum=NAD27 +units=m +no_defs")
>
> set.seed(0)
>
> simu <- RFsimulate(model1, x=myraster, n=3)
install the RandomFields package for faster simulations
Flavor: r-devel-linux-x86_64-fedora-gcc
Version: 2.0.8
Check: tests
Result: ERROR
Running ‘RFsimulate.R’ [90m/62m]
Running ‘krige.R’ [21s/26s]
Running ‘lgcp.R’ [74s/75s]
Running ‘lgm.R’ [67s/80s]
Running ‘lgmRaster.R’ [0m/25m]
Running ‘likfitLgm.R’
Running the tests in ‘tests/RFsimulate.R’ failed.
Complete output:
> library("geostatsp")
Loading required package: Matrix
Loading required package: terra
terra 1.8.80
>
> model <- c(var=5, range=20,shape=0.5)
>
> # any old crs
> theCrs = "+proj=utm +zone=17 +datum=NAD27 +units=m +no_defs"
>
> # don't test using the randomFields package, it's currently broken on some R builds
> options(useRandomFields = FALSE)
>
> myraster = rast(nrows=20,ncols=20,extent = ext(100,110,100,110),
+ crs=theCrs)
>
> set.seed(0)
> simu = RFsimulate(model = rbind(a=model, b=model+0.1),
+ x=myraster, n=4
+ )
Running the tests in ‘tests/lgmRaster.R’ failed.
Complete output:
> #+ setup
> library('geostatsp')
Loading required package: Matrix
Loading required package: terra
terra 1.8.80
> #'
>
> #' # simulated data
>
> # exclude this line to use the RandomFields package
> options(useRandomFields = FALSE)
>
> Ncell = 40
>
> myRaster = squareRaster(ext(0,6000,0,6000), Ncell)
>
> myParam=c(oneminusar=0.1, conditionalVariance=2.5^2,shape=2)
> myQ = maternGmrfPrec(myRaster, param=myParam)
> attributes(myQ)$info$optimalShape
shape variance range cellSize
4.092496 110.524266 900.000000 150.000000
> set.seed(0)
> mySim = RFsimulate(attributes(myQ)$info$optimalShape, myRaster)
install the RandomFields package for faster simulations
Flavor: r-devel-linux-x86_64-fedora-gcc
Version: 2.0.8
Check: package dependencies
Result: NOTE
Package suggested but not available for checking: ‘RandomFields’
Package which this enhances but not available for checking: ‘INLA’
Flavors: r-oldrel-macos-arm64, r-oldrel-macos-x86_64
Version: 2.0.8
Check: package dependencies
Result: NOTE
Package suggested but not available for checking: 'RandomFields'
Flavor: r-oldrel-windows-x86_64
These binaries (installable software) and packages are in development.
They may not be fully stable and should be used with caution. We make no claims about them.