Last updated on 2025-10-23 11:50:14 CEST.
Flavor | Version | Tinstall | Tcheck | Ttotal | Status | Flags |
---|---|---|---|---|---|---|
r-devel-linux-x86_64-debian-clang | 0.1.9 | 6.35 | 73.71 | 80.06 | NOTE | |
r-devel-linux-x86_64-debian-gcc | 0.1.9 | 5.15 | 50.93 | 56.08 | NOTE | |
r-devel-linux-x86_64-fedora-clang | 0.1.9 | 21.00 | 102.67 | 123.67 | OK | |
r-devel-linux-x86_64-fedora-gcc | 0.1.9 | 19.00 | 113.15 | 132.15 | OK | |
r-devel-windows-x86_64 | 0.1.9 | 10.00 | 98.00 | 108.00 | OK | |
r-patched-linux-x86_64 | 0.1.9 | 7.87 | 67.97 | 75.84 | OK | |
r-release-linux-x86_64 | 0.1.9 | 7.19 | 67.51 | 74.70 | OK | |
r-release-macos-arm64 | 0.1.9 | 3.00 | 38.00 | 41.00 | OK | |
r-release-macos-x86_64 | 0.1.9 | 7.00 | 84.00 | 91.00 | OK | |
r-release-windows-x86_64 | 0.1.9 | 9.00 | 99.00 | 108.00 | OK | |
r-oldrel-macos-arm64 | 0.1.9 | 4.00 | 38.00 | 42.00 | OK | |
r-oldrel-macos-x86_64 | 0.1.9 | 6.00 | 76.00 | 82.00 | OK | |
r-oldrel-windows-x86_64 | 0.1.9 | 12.00 | 118.00 | 130.00 | OK |
Version: 0.1.9
Check: CRAN incoming feasibility
Result: NOTE
Maintainer: ‘Michael Robbins <mrobbins@rand.org>’
The Description field contains
Robbins (2021) <arXiv:2008.02243>.
Please refer to arXiv e-prints via their arXiv DOI <doi:10.48550/arXiv.YYMM.NNNNN>.
Flavors: r-devel-linux-x86_64-debian-clang, r-devel-linux-x86_64-debian-gcc
These binaries (installable software) and packages are in development.
They may not be fully stable and should be used with caution. We make no claims about them.