Last updated on 2025-02-16 10:50:47 CET.
Flavor | Version | Tinstall | Tcheck | Ttotal | Status | Flags |
---|---|---|---|---|---|---|
r-devel-linux-x86_64-debian-clang | 2.1.4 | 8.07 | 34.06 | 42.13 | OK | |
r-devel-linux-x86_64-debian-gcc | 2.1.4 | 6.25 | 26.01 | 32.26 | OK | |
r-devel-linux-x86_64-fedora-clang | 2.1.4 | 76.24 | OK | |||
r-devel-linux-x86_64-fedora-gcc | 2.1.4 | 80.88 | OK | |||
r-devel-macos-arm64 | 2.1.4 | 38.00 | OK | |||
r-devel-macos-x86_64 | 2.1.4 | 80.00 | OK | |||
r-devel-windows-x86_64 | 2.1.4 | 23.00 | 126.00 | 149.00 | OK | |
r-patched-linux-x86_64 | 2.1.4 | 8.28 | 32.90 | 41.18 | OK | |
r-release-linux-x86_64 | 2.1.4 | 7.61 | 32.40 | 40.01 | OK | |
r-release-macos-arm64 | 2.1.4 | 38.00 | NOTE | |||
r-release-macos-x86_64 | 2.1.4 | 59.00 | NOTE | |||
r-release-windows-x86_64 | 2.1.4 | 21.00 | 116.00 | 137.00 | NOTE | |
r-oldrel-macos-arm64 | 2.1.4 | 42.00 | NOTE | |||
r-oldrel-macos-x86_64 | 2.1.4 | 60.00 | NOTE | |||
r-oldrel-windows-x86_64 | 2.1.4 | 24.00 | 138.00 | 162.00 | NOTE |
Version: 2.1.4
Check: installed package size
Result: NOTE
installed size is 5.9Mb
sub-directories of 1Mb or more:
libs 5.5Mb
Flavors: r-release-macos-arm64, r-release-macos-x86_64, r-release-windows-x86_64, r-oldrel-macos-arm64, r-oldrel-macos-x86_64, r-oldrel-windows-x86_64
These binaries (installable software) and packages are in development.
They may not be fully stable and should be used with caution. We make no claims about them.