Last updated on 2025-10-23 11:50:14 CEST.
Flavor | Version | Tinstall | Tcheck | Ttotal | Status | Flags |
---|---|---|---|---|---|---|
r-devel-linux-x86_64-debian-clang | 1.0.0 | 6.18 | 84.58 | 90.76 | OK | |
r-devel-linux-x86_64-debian-gcc | 1.0.0 | 4.57 | 58.46 | 63.03 | OK | |
r-devel-linux-x86_64-fedora-clang | 1.0.0 | 18.00 | 120.63 | 138.63 | OK | |
r-devel-linux-x86_64-fedora-gcc | 1.0.0 | 14.00 | 126.10 | 140.10 | OK | |
r-devel-windows-x86_64 | 1.0.0 | 7.00 | 99.00 | 106.00 | OK | |
r-patched-linux-x86_64 | 1.0.0 | 6.33 | 76.92 | 83.25 | OK | |
r-release-linux-x86_64 | 1.0.0 | 6.45 | 77.43 | 83.88 | OK | |
r-release-macos-arm64 | 1.0.0 | 3.00 | 62.00 | 65.00 | OK | |
r-release-macos-x86_64 | 1.0.0 | 7.00 | 105.00 | 112.00 | OK | |
r-release-windows-x86_64 | 1.0.0 | 7.00 | 102.00 | 109.00 | OK | |
r-oldrel-macos-arm64 | 1.0.0 | 3.00 | 55.00 | 58.00 | NOTE | |
r-oldrel-macos-x86_64 | 1.0.0 | 7.00 | 106.00 | 113.00 | NOTE | |
r-oldrel-windows-x86_64 | 1.0.0 | 11.00 | 127.00 | 138.00 | NOTE |
Version: 1.0.0
Check: installed package size
Result: NOTE
installed size is 5.5Mb
sub-directories of 1Mb or more:
doc 4.9Mb
Flavors: r-oldrel-macos-arm64, r-oldrel-macos-x86_64, r-oldrel-windows-x86_64
These binaries (installable software) and packages are in development.
They may not be fully stable and should be used with caution. We make no claims about them.