Last updated on 2025-05-01 15:49:32 CEST.
Flavor | Version | Tinstall | Tcheck | Ttotal | Status | Flags |
---|---|---|---|---|---|---|
r-devel-linux-x86_64-debian-clang | 1.13 | 2.16 | 20.33 | 22.49 | NOTE | |
r-devel-linux-x86_64-debian-gcc | 1.13 | 1.64 | 16.82 | 18.46 | NOTE | |
r-devel-linux-x86_64-fedora-clang | 1.13 | 34.91 | OK | |||
r-devel-linux-x86_64-fedora-gcc | 1.13 | 33.26 | OK | |||
r-devel-windows-x86_64 | 1.13 | 4.00 | 50.00 | 54.00 | OK | |
r-patched-linux-x86_64 | 1.13 | 2.05 | 19.37 | 21.42 | OK | |
r-release-linux-x86_64 | OK | |||||
r-release-macos-arm64 | 1.13 | 19.00 | OK | |||
r-release-macos-x86_64 | 1.13 | 27.00 | OK | |||
r-release-windows-x86_64 | 1.13 | 3.00 | 56.00 | 59.00 | OK | |
r-oldrel-macos-arm64 | 1.13 | 16.00 | OK | |||
r-oldrel-macos-x86_64 | 1.13 | 22.00 | OK | |||
r-oldrel-windows-x86_64 | 1.13 | 4.00 | 48.00 | 52.00 | OK |
Version: 1.13
Check: CRAN incoming feasibility
Result: NOTE
Maintainer: ‘Alexey Seleznev <selesnow@gmail.com>’
No Authors@R field in DESCRIPTION.
Please add one, modifying
Authors@R: person(given = "Alexey",
family = "Seleznev",
role = c("aut", "cre"),
email = "selesnow@gmail.com")
as necessary.
Flavors: r-devel-linux-x86_64-debian-clang, r-devel-linux-x86_64-debian-gcc
These binaries (installable software) and packages are in development.
They may not be fully stable and should be used with caution. We make no claims about them.