CRAN Package Check Results for Package getRad

Last updated on 2025-10-23 11:50:14 CEST.

Flavor Version Tinstall Tcheck Ttotal Status Flags
r-devel-linux-x86_64-debian-clang 0.2.3 7.01 160.02 167.03 NOTE
r-devel-linux-x86_64-debian-gcc 0.2.3 4.62 118.69 123.31 ERROR
r-devel-linux-x86_64-fedora-clang 0.2.3 47.00 209.43 256.43 OK
r-devel-linux-x86_64-fedora-gcc 0.2.3 14.00 260.41 274.41 OK
r-devel-windows-x86_64 0.2.3 8.00 228.00 236.00 OK
r-patched-linux-x86_64 0.2.3 6.26 160.37 166.63 OK
r-release-linux-x86_64 0.2.3 5.96 161.33 167.29 OK
r-release-macos-arm64 0.2.3 3.00 231.00 234.00 OK
r-release-macos-x86_64 0.2.3 7.00 354.00 361.00 OK
r-release-windows-x86_64 0.2.3 9.00 229.00 238.00 OK
r-oldrel-macos-arm64 0.2.3 3.00 254.00 257.00 OK
r-oldrel-macos-x86_64 0.2.3 6.00 308.00 314.00 OK
r-oldrel-windows-x86_64 0.2.3 11.00 271.00 282.00 OK

Check Details

Version: 0.2.3
Check: HTML version of manual
Result: NOTE Found the following HTML validation problems: req_cache_getrad.html:84:1 (req_cache_getrad.Rd:35): Warning: missing </ul> before </div> Flavor: r-devel-linux-x86_64-debian-clang

Version: 0.2.3
Check: tests
Result: ERROR Running ‘testthat.R’ [78s/375s] Running the tests in ‘tests/testthat.R’ failed. Complete output: > # This file is part of the standard setup for testthat. > # It is recommended that you do not modify it. > # > # Where should you do additional test configuration? > # Learn more about the roles of various files in: > # * https://r-pkgs.org/testing-design.html#sec-tests-files-overview > # * https://testthat.r-lib.org/articles/special-files.html > > library(testthat) > library(getRad) > > test_check("getRad") > Waiting 2s for retry backoff > Waiting 2.83s for retry backoff > Waiting 3.46s for retry backoff > Waiting 4s for retry backoff > Waiting 4.47s for retry backoff > Waiting 4.9s for retry backoff > Waiting 5.29s for retry backoff > Waiting 5.66s for retry backoff > Waiting 6s for retry backoff > Waiting 6.32s for retry backoff > Waiting 6.63s for retry backoff > Waiting 6.93s for retry backoff > Waiting 7.21s for retry backoff > Waiting 7.48s for retry backoff [ FAIL 1 | WARN 0 | SKIP 69 | PASS 63 ] ══ Skipped tests (69) ══════════════════════════════════════════════════════════ • Because no key for Denmark is available in the testing environment (1): 'test-get_pvol_dk.R:3:3' • On CRAN (68): 'test-get_pvol.R:52:3', 'test-get_pvol.R:70:3', 'test-get_pvol.R:97:3', 'test-get_pvol.R:132:3', 'test-get_pvol.R:154:3', 'test-get_pvol_cz.R:2:3', 'test-get_pvol_cz.R:24:3', 'test-get_pvol_de.R:2:3', 'test-get_pvol_de.R:17:3', 'test-get_pvol_ee.R:2:3', 'test-get_pvol_fi.R:2:3', 'test-get_pvol_nl.R:2:3', 'test-get_pvol_nl.R:25:3', 'test-get_pvol_nl.R:58:3', 'test-get_pvol_ro.R:2:3', 'test-get_pvol_ro.R:17:3', 'test-get_pvol_se.R:24:3', 'test-get_pvol_se.R:36:3', 'test-get_pvol_se.R:52:3', 'test-get_pvol_sk.R:2:3', 'test-get_pvol_sk.R:19:3', 'test-get_pvol_us.R:5:3', 'test-get_pvol_us.R:15:3', 'test-get_pvol_us.R:37:3', 'test-get_pvol_us.R:46:3', 'test-get_vpts.R:2:3', 'test-get_vpts.R:78:3', 'test-get_vpts.R:104:3', 'test-get_vpts.R:126:3', 'test-get_vpts.R:145:3', 'test-get_vpts.R:193:3', 'test-get_vpts.R:253:3', 'test-get_vpts.R:270:3', 'test-get_vpts.R:330:3', 'test-get_vpts.R:351:3', 'test-get_vpts.R:385:3', 'test-get_vpts.R:421:3', 'test-get_vpts.R:458:3', 'test-get_vpts.R:569:3', 'test-get_vpts.R:608:3', 'test-get_vpts.R:628:3', 'test-get_vpts_aloft.R:72:3', 'test-get_vpts_coverage.R:14:3', 'test-get_vpts_coverage.R:23:3', 'test-get_vpts_coverage.R:33:3', 'test-get_vpts_coverage_aloft.R:2:3', 'test-get_vpts_coverage_aloft.R:11:3', 'test-get_vpts_coverage_rmi.R:2:3', 'test-get_vpts_coverage_rmi.R:8:3', 'test-get_vpts_coverage_rmi.R:23:3', 'test-get_vpts_coverage_rmi.R:49:3', 'test-get_vpts_coverage_rmi.R:58:3', 'test-get_vpts_rmi.R:2:3', 'test-get_vpts_rmi.R:23:3', 'test-get_vpts_rmi.R:67:3', 'test-get_vpts_rmi.R:89:3', 'test-get_vpts_rmi.R:104:3', 'test-get_weather_radars.R:21:3', 'test-get_weather_radars.R:26:3', 'test-get_weather_radars.R:35:3', 'test-get_weather_radars.R:88:3', 'test-get_weather_radars.R:133:3', 'test-get_weather_radars.R:178:3', 'test-get_weather_radars.R:196:3', 'test-get_weather_radars.R:238:3', 'test-get_weather_radars.R:269:3', 'test-utils-rmi.R:1:1', 'test-utils.R:21:3' ══ Failed tests ════════════════════════════════════════════════════════════════ ── Error ('test-get_vpts_coverage.R:51:3'): The argument source='all' returns all data ── <purrr_error_indexed/rlang_error/error/condition> Error in `get_vpts_coverage(source = "all")`: i In index: 2. i With name: rmi. Caused by error in `.f()`: ! Failed to perform HTTP request. Caused by error in `curl::curl_fetch_memory()`: ! Timeout was reached [opendata.meteo.be]: Resolving timed out after 10000 milliseconds [ FAIL 1 | WARN 0 | SKIP 69 | PASS 63 ] Error: Test failures Execution halted Flavor: r-devel-linux-x86_64-debian-gcc

These binaries (installable software) and packages are in development.
They may not be fully stable and should be used with caution. We make no claims about them.