Last updated on 2025-05-01 08:52:34 CEST.
Flavor | Version | Tinstall | Tcheck | Ttotal | Status | Flags |
---|---|---|---|---|---|---|
r-devel-linux-x86_64-debian-clang | 1.0.1 | 26.92 | 31.90 | 58.82 | NOTE | |
r-devel-linux-x86_64-debian-gcc | 1.0.1 | 19.82 | 25.21 | 45.03 | OK | |
r-devel-linux-x86_64-fedora-clang | 1.0.1 | 103.39 | OK | |||
r-devel-linux-x86_64-fedora-gcc | 1.0.1 | 118.26 | OK | |||
r-devel-windows-x86_64 | 1.0.1 | 33.00 | 132.00 | 165.00 | OK | |
r-patched-linux-x86_64 | 1.0.1 | 28.19 | 30.29 | 58.48 | OK | |
r-release-linux-x86_64 | OK | |||||
r-release-macos-arm64 | 1.0.1 | 68.00 | OK | |||
r-release-macos-x86_64 | 1.0.1 | 112.00 | OK | |||
r-release-windows-x86_64 | 1.0.1 | 34.00 | 132.00 | 166.00 | OK | |
r-oldrel-macos-arm64 | 1.0.1 | 63.00 | OK | |||
r-oldrel-macos-x86_64 | 1.0.1 | 91.00 | OK | |||
r-oldrel-windows-x86_64 | 1.0.1 | 37.00 | 158.00 | 195.00 | OK |
Version: 1.0.1
Check: examples
Result: NOTE
Examples with CPU (user + system) or elapsed time > 5s
user system elapsed
gfigpd2 0.168 0.015 6.865
gfigpd1 0.118 0.021 5.351
Flavor: r-devel-linux-x86_64-debian-clang
These binaries (installable software) and packages are in development.
They may not be fully stable and should be used with caution. We make no claims about them.