CRAN Package Check Results for Package gfiUltra

Last updated on 2025-02-16 10:50:47 CET.

Flavor Version Tinstall Tcheck Ttotal Status Flags
r-devel-linux-x86_64-debian-clang 1.0.0 6.42 59.05 65.47 OK
r-devel-linux-x86_64-debian-gcc 1.0.0 5.16 44.48 49.64 OK
r-devel-linux-x86_64-fedora-clang 1.0.0 104.20 OK
r-devel-linux-x86_64-fedora-gcc 1.0.0 96.64 OK
r-devel-macos-arm64 1.0.0 34.00 OK
r-devel-macos-x86_64 1.0.0 71.00 OK
r-devel-windows-x86_64 1.0.0 8.00 69.00 77.00 OK
r-patched-linux-x86_64 1.0.0 6.20 55.67 61.87 NOTE
r-release-linux-x86_64 1.0.0 6.89 55.46 62.35 NOTE
r-release-macos-arm64 1.0.0 33.00 NOTE
r-release-macos-x86_64 1.0.0 53.00 NOTE
r-release-windows-x86_64 1.0.0 8.00 69.00 77.00 NOTE
r-oldrel-macos-arm64 1.0.0 35.00 NOTE
r-oldrel-macos-x86_64 1.0.0 55.00 NOTE
r-oldrel-windows-x86_64 1.0.0 10.00 96.00 106.00 NOTE

Check Details

Version: 1.0.0
Check: LazyData
Result: NOTE 'LazyData' is specified without a 'data' directory Flavors: r-patched-linux-x86_64, r-release-linux-x86_64, r-release-macos-arm64, r-release-macos-x86_64, r-release-windows-x86_64, r-oldrel-macos-arm64, r-oldrel-macos-x86_64, r-oldrel-windows-x86_64

These binaries (installable software) and packages are in development.
They may not be fully stable and should be used with caution. We make no claims about them.