Last updated on 2025-10-03 11:50:45 CEST.
Flavor | Version | Tinstall | Tcheck | Ttotal | Status | Flags |
---|---|---|---|---|---|---|
r-devel-linux-x86_64-debian-clang | 1.3 | 5.64 | 56.51 | 62.15 | OK | |
r-devel-linux-x86_64-debian-gcc | 1.3 | 4.05 | 40.96 | 45.01 | OK | |
r-devel-linux-x86_64-fedora-clang | 1.3 | 90.66 | OK | |||
r-devel-linux-x86_64-fedora-gcc | 1.3 | 83.51 | OK | |||
r-devel-windows-x86_64 | 1.3 | 8.00 | 66.00 | 74.00 | OK | |
r-patched-linux-x86_64 | 1.3 | 5.27 | 51.95 | 57.22 | OK | |
r-release-linux-x86_64 | 1.3 | 5.15 | 52.38 | 57.53 | OK | |
r-release-macos-arm64 | 1.3 | 42.00 | OK | |||
r-release-macos-x86_64 | 1.3 | 43.00 | OK | |||
r-release-windows-x86_64 | 1.3 | 8.00 | 66.00 | 74.00 | OK | |
r-oldrel-macos-arm64 | 1.3 | 24.00 | NOTE | |||
r-oldrel-macos-x86_64 | 1.3 | 34.00 | NOTE | |||
r-oldrel-windows-x86_64 | 1.3 | 9.00 | 81.00 | 90.00 | NOTE |
Version: 1.3
Check: LazyData
Result: NOTE
'LazyData' is specified without a 'data' directory
Flavors: r-oldrel-macos-arm64, r-oldrel-macos-x86_64, r-oldrel-windows-x86_64
These binaries (installable software) and packages are in development.
They may not be fully stable and should be used with caution. We make no claims about them.