Last updated on 2025-05-08 04:52:06 CEST.
Flavor | Version | Tinstall | Tcheck | Ttotal | Status | Flags |
---|---|---|---|---|---|---|
r-devel-linux-x86_64-debian-clang | 2.2.0 | 28.52 | 97.42 | 125.94 | NOTE | |
r-devel-linux-x86_64-debian-gcc | 2.2.0 | 19.93 | 69.94 | 89.87 | NOTE | |
r-devel-linux-x86_64-fedora-clang | 2.2.0 | 189.21 | OK | |||
r-devel-linux-x86_64-fedora-gcc | 2.2.0 | 220.11 | OK | |||
r-devel-windows-x86_64 | 2.2.0 | 29.00 | 104.00 | 133.00 | OK | |
r-patched-linux-x86_64 | 2.2.0 | 28.39 | 90.55 | 118.94 | OK | |
r-release-linux-x86_64 | 2.2.0 | 28.27 | 92.86 | 121.13 | OK | |
r-release-macos-arm64 | 2.2.0 | 66.00 | OK | |||
r-release-macos-x86_64 | 2.2.0 | 113.00 | OK | |||
r-release-windows-x86_64 | 2.2.0 | 29.00 | 105.00 | 134.00 | OK | |
r-oldrel-macos-arm64 | 2.2.0 | 57.00 | OK | |||
r-oldrel-macos-x86_64 | 2.2.0 | 85.00 | OK | |||
r-oldrel-windows-x86_64 | 2.2.0 | 38.00 | 131.00 | 169.00 | OK |
Version: 2.2.0
Check: DESCRIPTION meta-information
Result: NOTE
Author field differs from that derived from Authors@R
Author: ‘Mikko Vihtakari [aut, cre] (Institute of Marine Research, <https://orcid.org/0000-0003-0371-4319>), Roger Bivand [ctb], Hadley Wickham [ctb]’
Authors@R: ‘Mikko Vihtakari [aut, cre] (affiliation: Institute of Marine Research, ORCID: <https://orcid.org/0000-0003-0371-4319>), Roger Bivand [ctb], Hadley Wickham [ctb]’
Flavors: r-devel-linux-x86_64-debian-clang, r-devel-linux-x86_64-debian-gcc
These binaries (installable software) and packages are in development.
They may not be fully stable and should be used with caution. We make no claims about them.