CRAN Package Check Results for Package ggQC

Last updated on 2025-02-16 10:50:47 CET.

Flavor Version Tinstall Tcheck Ttotal Status Flags
r-devel-linux-x86_64-debian-clang 0.0.31 6.15 78.81 84.96 NOTE
r-devel-linux-x86_64-debian-gcc 0.0.31 5.03 54.75 59.78 NOTE
r-devel-linux-x86_64-fedora-clang 0.0.31 142.21 OK
r-devel-linux-x86_64-fedora-gcc 0.0.31 141.10 OK
r-devel-macos-arm64 0.0.31 46.00 OK
r-devel-macos-x86_64 0.0.31 86.00 OK
r-devel-windows-x86_64 0.0.31 10.00 105.00 115.00 NOTE
r-patched-linux-x86_64 0.0.31 14.01 73.81 87.82 NOTE
r-release-linux-x86_64 0.0.31 6.53 73.61 80.14 NOTE
r-release-macos-arm64 0.0.31 44.00 NOTE
r-release-macos-x86_64 0.0.31 67.00 NOTE
r-release-windows-x86_64 0.0.31 10.00 113.00 123.00 NOTE
r-oldrel-macos-arm64 0.0.31 46.00 NOTE
r-oldrel-macos-x86_64 0.0.31 70.00 NOTE
r-oldrel-windows-x86_64 0.0.31 10.00 122.00 132.00 NOTE

Check Details

Version: 0.0.31
Check: Rd cross-references
Result: NOTE Found the following Rd file(s) with Rd \link{} targets missing package anchors: stat_QC.Rd: aes, aes_, ggplot, fortify, borders, layer stat_QC_CAPA.Rd: aes, aes_, ggplot, fortify, borders, layer stat_QC_cap_hlabels.Rd: aes, aes_, ggplot, fortify, borders, layer stat_QC_cap_hlines.Rd: aes, aes_, ggplot, fortify, borders, layer stat_QC_cap_summary.Rd: aes, aes_, ggplot, fortify, borders, layer stat_QC_cap_vlabels.Rd: aes, aes_, ggplot, fortify, borders, layer stat_QC_cap_vlines.Rd: aes, aes_, ggplot, fortify, borders, layer stat_QC_labels.Rd: aes, aes_, ggplot, fortify, borders, layer stat_mR.Rd: aes, aes_, ggplot, fortify, borders, layer stat_pareto.Rd: aes, aes_, ggplot, fortify, borders, layer stat_qc_violations.Rd: aes, aes_, ggplot, fortify, borders, layer Please provide package anchors for all Rd \link{} targets not in the package itself and the base packages. Flavors: r-devel-linux-x86_64-debian-clang, r-devel-linux-x86_64-debian-gcc, r-devel-windows-x86_64

Version: 0.0.31
Check: LazyData
Result: NOTE 'LazyData' is specified without a 'data' directory Flavors: r-patched-linux-x86_64, r-release-linux-x86_64, r-release-macos-arm64, r-release-macos-x86_64, r-release-windows-x86_64, r-oldrel-macos-arm64, r-oldrel-macos-x86_64, r-oldrel-windows-x86_64

These binaries (installable software) and packages are in development.
They may not be fully stable and should be used with caution. We make no claims about them.