CRAN Package Check Results for Package ggResidpanel

Last updated on 2025-05-01 14:49:11 CEST.

Flavor Version Tinstall Tcheck Ttotal Status Flags
r-devel-linux-x86_64-debian-clang 0.3.0 10.56 140.22 150.78 NOTE
r-devel-linux-x86_64-debian-gcc 0.3.0 7.46 97.59 105.05 OK
r-devel-linux-x86_64-fedora-clang 0.3.0 224.22 OK
r-devel-linux-x86_64-fedora-gcc 0.3.0 229.42 OK
r-devel-windows-x86_64 0.3.0 13.00 136.00 149.00 OK
r-patched-linux-x86_64 0.3.0 10.52 134.25 144.77 OK
r-release-linux-x86_64 OK
r-release-macos-arm64 0.3.0 65.00 OK
r-release-macos-x86_64 0.3.0 135.00 OK
r-release-windows-x86_64 0.3.0 13.00 138.00 151.00 OK
r-oldrel-macos-arm64 0.3.0 73.00 OK
r-oldrel-macos-x86_64 0.3.0 104.00 OK
r-oldrel-windows-x86_64 0.3.0 15.00 179.00 194.00 OK

Check Details

Version: 0.3.0
Check: examples
Result: NOTE Examples with CPU (user + system) or elapsed time > 5s user system elapsed resid_compare 5.954 0.239 7.087 resid_interact 5.613 0.079 6.567 resid_panel 5.150 0.056 6.307 Flavor: r-devel-linux-x86_64-debian-clang

Version: 0.3.0
Check: examples
Result: NA user system elapsed resid_interact 3.726 0.142 6.077 OK Flavor: r-devel-linux-x86_64-debian-gcc

These binaries (installable software) and packages are in development.
They may not be fully stable and should be used with caution. We make no claims about them.