Last updated on 2025-07-02 01:51:38 CEST.
Flavor | Version | Tinstall | Tcheck | Ttotal | Status | Flags |
---|---|---|---|---|---|---|
r-devel-linux-x86_64-debian-clang | 1.0.2 | 6.50 | 70.35 | 76.85 | NOTE | |
r-devel-linux-x86_64-debian-gcc | 1.0.2 | 4.43 | 49.35 | 53.78 | NOTE | |
r-devel-linux-x86_64-fedora-clang | 1.0.2 | 109.00 | NOTE | |||
r-devel-linux-x86_64-fedora-gcc | 1.0.2 | 114.55 | NOTE | |||
r-devel-windows-x86_64 | 1.0.2 | 9.00 | 81.00 | 90.00 | NOTE | |
r-patched-linux-x86_64 | NOTE | |||||
r-release-linux-x86_64 | 1.0.2 | 5.79 | 61.56 | 67.35 | NOTE | |
r-release-macos-arm64 | 1.0.2 | 63.00 | NOTE | |||
r-release-macos-x86_64 | 1.0.2 | 67.00 | NOTE | |||
r-release-windows-x86_64 | 1.0.2 | 9.00 | 79.00 | 88.00 | NOTE | |
r-oldrel-macos-arm64 | 1.0.2 | 38.00 | NOTE | |||
r-oldrel-macos-x86_64 | 1.0.2 | 56.00 | NOTE | |||
r-oldrel-windows-x86_64 | 1.0.2 | 10.00 | 95.00 | 105.00 | NOTE |
Version: 1.0.2
Check: package subdirectories
Result: NOTE
Problems with news in ‘NEWS.md’:
Cannot extract version info from the following section titles:
Win CRAN check results - R Windows
Flavors: r-devel-linux-x86_64-debian-clang, r-devel-linux-x86_64-debian-gcc, r-devel-linux-x86_64-fedora-clang, r-devel-linux-x86_64-fedora-gcc, r-devel-windows-x86_64, r-patched-linux-x86_64, r-release-linux-x86_64, r-release-macos-arm64, r-release-macos-x86_64, r-release-windows-x86_64, r-oldrel-macos-arm64, r-oldrel-macos-x86_64, r-oldrel-windows-x86_64
These binaries (installable software) and packages are in development.
They may not be fully stable and should be used with caution. We make no claims about them.