Last updated on 2024-07-27 15:50:19 CEST.
Flavor | Version | Tinstall | Tcheck | Ttotal | Status | Flags |
---|---|---|---|---|---|---|
r-devel-linux-x86_64-debian-clang | 1.5.2 | 9.21 | 126.40 | 135.61 | OK | |
r-devel-linux-x86_64-debian-gcc | 1.5.2 | OK | ||||
r-devel-linux-x86_64-fedora-clang | 1.5.2 | 179.48 | NOTE | |||
r-devel-linux-x86_64-fedora-gcc | 1.5.2 | 185.67 | OK | |||
r-devel-windows-x86_64 | 1.5.2 | 11.00 | 107.00 | 118.00 | NOTE | |
r-patched-linux-x86_64 | 1.5.2 | OK | ||||
r-release-linux-x86_64 | 1.5.2 | 7.71 | 120.60 | 128.31 | OK | |
r-release-macos-arm64 | 1.5.2 | 57.00 | NOTE | |||
r-release-macos-x86_64 | 1.5.2 | 89.00 | NOTE | |||
r-release-windows-x86_64 | 1.5.2 | 9.00 | 107.00 | 116.00 | NOTE | |
r-oldrel-macos-arm64 | 1.5.2 | 65.00 | NOTE | |||
r-oldrel-macos-x86_64 | 1.5.2 | 107.00 | NOTE | |||
r-oldrel-windows-x86_64 | 1.5.2 | 12.00 | 133.00 | 145.00 | NOTE |
Version: 1.5.2
Check: installed package size
Result: NOTE
installed size is 11.1Mb
sub-directories of 1Mb or more:
doc 9.5Mb
help 1.1Mb
Flavors: r-devel-linux-x86_64-fedora-clang, r-devel-windows-x86_64, r-release-macos-arm64, r-release-macos-x86_64, r-release-windows-x86_64, r-oldrel-macos-arm64, r-oldrel-macos-x86_64, r-oldrel-windows-x86_64
These binaries (installable software) and packages are in development.
They may not be fully stable and should be used with caution. We make no claims about them.