CRAN Package Check Results for Package ggVennDiagram

Last updated on 2025-02-16 10:50:47 CET.

Flavor Version Tinstall Tcheck Ttotal Status Flags
r-devel-linux-x86_64-debian-clang 1.5.2 6.96 106.38 113.34 OK
r-devel-linux-x86_64-debian-gcc 1.5.2 5.16 83.17 88.33 OK
r-devel-linux-x86_64-fedora-clang 1.5.2 197.01 OK
r-devel-linux-x86_64-fedora-gcc 1.5.2 183.20 OK
r-devel-macos-arm64 1.5.2 64.00 OK
r-devel-macos-x86_64 1.5.2 107.00 OK
r-devel-windows-x86_64 1.5.2 10.00 108.00 118.00 OK
r-patched-linux-x86_64 1.5.2 6.33 94.30 100.63 OK
r-release-linux-x86_64 1.5.2 7.12 95.48 102.60 OK
r-release-macos-arm64 1.5.2 57.00 NOTE
r-release-macos-x86_64 1.5.2 89.00 NOTE
r-release-windows-x86_64 1.5.2 10.00 110.00 120.00 NOTE
r-oldrel-macos-arm64 1.5.2 65.00 NOTE
r-oldrel-macos-x86_64 1.5.2 107.00 NOTE
r-oldrel-windows-x86_64 1.5.2 12.00 124.00 136.00 NOTE

Check Details

Version: 1.5.2
Check: installed package size
Result: NOTE installed size is 11.0Mb sub-directories of 1Mb or more: doc 9.5Mb help 1.1Mb Flavors: r-release-macos-arm64, r-release-macos-x86_64, r-release-windows-x86_64, r-oldrel-macos-arm64, r-oldrel-macos-x86_64, r-oldrel-windows-x86_64

These binaries (installable software) and packages are in development.
They may not be fully stable and should be used with caution. We make no claims about them.