CRAN Package Check Results for Package ggVennDiagram

Last updated on 2025-05-01 12:49:29 CEST.

Flavor Version Tinstall Tcheck Ttotal Status Flags
r-devel-linux-x86_64-debian-clang 1.5.2 7.79 116.07 123.86 NOTE
r-devel-linux-x86_64-debian-gcc 1.5.2 5.46 84.35 89.81 NOTE
r-devel-linux-x86_64-fedora-clang 1.5.2 174.87 OK
r-devel-linux-x86_64-fedora-gcc 1.5.2 184.30 OK
r-devel-windows-x86_64 1.5.2 9.00 118.00 127.00 OK
r-patched-linux-x86_64 1.5.2 7.64 108.61 116.25 OK
r-release-linux-x86_64 OK
r-release-macos-arm64 1.5.2 82.00 OK
r-release-macos-x86_64 1.5.2 107.00 OK
r-release-windows-x86_64 1.5.2 11.00 124.00 135.00 OK
r-oldrel-macos-arm64 1.5.2 57.00 NOTE
r-oldrel-macos-x86_64 1.5.2 89.00 NOTE
r-oldrel-windows-x86_64 1.5.2 12.00 142.00 154.00 NOTE

Check Details

Version: 1.5.2
Check: DESCRIPTION meta-information
Result: NOTE Author field differs from that derived from Authors@R Author: ‘Chun-Hui Gao [aut, cre] (<https://orcid.org/0000-0002-1445-7939>), Guangchuang Yu [ctb] (<https://orcid.org/0000-0002-6485-8781>), Adrian Dusa [aut, cph] (<https://orcid.org/0000-0002-3525-9253>, Adrian Dusa is the author and copyright holder of venn, where ggVennDiagram imports the polygon coordinates enabling 5 - 7 sets Venn diagram.), Turgut Yigit Akyol [ctb] (<https://orcid.org/0000-0003-0897-7716>)’ Authors@R: ‘Chun-Hui Gao [aut, cre] (ORCID: <https://orcid.org/0000-0002-1445-7939>), Guangchuang Yu [ctb] (ORCID: <https://orcid.org/0000-0002-6485-8781>), Adrian Dusa [aut, cph] (ORCID: <https://orcid.org/0000-0002-3525-9253>, note: Adrian Dusa is the author and copyright holder of venn, where ggVennDiagram imports the polygon coordinates enabling 5 - 7 sets Venn diagram.), Turgut Yigit Akyol [ctb] (ORCID: <https://orcid.org/0000-0003-0897-7716>)’ Flavors: r-devel-linux-x86_64-debian-clang, r-devel-linux-x86_64-debian-gcc

Version: 1.5.2
Check: examples
Result: NOTE Examples with CPU (user + system) or elapsed time > 5s user system elapsed upset-plot 3.724 0.095 6.192 Flavor: r-devel-linux-x86_64-debian-clang

Version: 1.5.2
Check: installed package size
Result: NOTE installed size is 11.0Mb sub-directories of 1Mb or more: doc 9.5Mb help 1.1Mb Flavors: r-oldrel-macos-arm64, r-oldrel-macos-x86_64, r-oldrel-windows-x86_64

These binaries (installable software) and packages are in development.
They may not be fully stable and should be used with caution. We make no claims about them.