Last updated on 2025-11-12 12:53:11 CET.
| Flavor | Version | Tinstall | Tcheck | Ttotal | Status | Flags |
|---|---|---|---|---|---|---|
| r-devel-linux-x86_64-debian-clang | 1.5.4 | 8.17 | 132.88 | 141.05 | OK | |
| r-devel-linux-x86_64-debian-gcc | 1.5.4 | 5.61 | 95.19 | 100.80 | OK | |
| r-devel-linux-x86_64-fedora-clang | 1.5.4 | 38.00 | 189.13 | 227.13 | OK | |
| r-devel-linux-x86_64-fedora-gcc | 1.5.4 | 20.00 | 194.10 | 214.10 | OK | |
| r-devel-windows-x86_64 | 1.5.4 | 12.00 | 127.00 | 139.00 | OK | |
| r-patched-linux-x86_64 | 1.5.4 | 8.02 | 126.29 | 134.31 | OK | |
| r-release-linux-x86_64 | 1.5.4 | 7.42 | 124.40 | 131.82 | OK | |
| r-release-macos-arm64 | 1.5.4 | 3.00 | 64.00 | 67.00 | OK | |
| r-release-macos-x86_64 | 1.5.4 | 6.00 | 77.00 | 83.00 | OK | |
| r-release-windows-x86_64 | 1.5.4 | 11.00 | 124.00 | 135.00 | OK | |
| r-oldrel-macos-arm64 | 1.5.4 | 2.00 | 56.00 | 58.00 | NOTE | |
| r-oldrel-macos-x86_64 | 1.5.4 | 9.00 | 101.00 | 110.00 | NOTE | |
| r-oldrel-windows-x86_64 | 1.5.4 | 14.00 | 153.00 | 167.00 | NOTE |
Version: 1.5.4
Check: installed package size
Result: NOTE
installed size is 11.0Mb
sub-directories of 1Mb or more:
doc 9.5Mb
help 1.1Mb
Flavors: r-oldrel-macos-arm64, r-oldrel-macos-x86_64, r-oldrel-windows-x86_64
These binaries (installable software) and packages are in development.
They may not be fully stable and should be used with caution. We make no claims about them.