CRAN Package Check Results for Package gganimate

Last updated on 2025-10-23 11:50:14 CEST.

Flavor Version Tinstall Tcheck Ttotal Status Flags
r-devel-linux-x86_64-debian-clang 1.0.11 11.57 288.63 300.20 NOTE
r-devel-linux-x86_64-debian-gcc 1.0.11 7.79 192.62 200.41 OK
r-devel-linux-x86_64-fedora-clang 1.0.11 50.00 433.19 483.19 OK
r-devel-linux-x86_64-fedora-gcc 1.0.11 47.00 429.15 476.15 OK
r-devel-windows-x86_64 1.0.11 13.00 224.00 237.00 OK
r-patched-linux-x86_64 1.0.11 11.87 277.79 289.66 OK
r-release-linux-x86_64 1.0.11 10.51 280.09 290.60 OK
r-release-macos-arm64 1.0.11 5.00 91.00 96.00 OK
r-release-macos-x86_64 1.0.11 8.00 203.00 211.00 OK
r-release-windows-x86_64 1.0.11 16.00 223.00 239.00 OK
r-oldrel-macos-arm64 1.0.11 5.00 93.00 98.00 OK
r-oldrel-macos-x86_64 1.0.11 13.00 219.00 232.00 OK
r-oldrel-windows-x86_64 1.0.11 20.00 310.00 330.00 OK

Check Details

Version: 1.0.11
Check: HTML version of manual
Result: NOTE Found the following HTML validation problems: anim_save.html:67:1 (anim_save.Rd:20): Warning: missing </ul> before </div> layer_type.html:50:1 (layer_type.Rd:17): Warning: missing </ul> before </div> save_animation.html:51:1 (save_animation.Rd:12): Warning: missing </ul> before </div> tween_before_stat.html:46:1 (tween_before_stat.Rd:10): Warning: missing </ul> before </div> Flavor: r-devel-linux-x86_64-debian-clang

These binaries (installable software) and packages are in development.
They may not be fully stable and should be used with caution. We make no claims about them.