CRAN Package Check Results for Package ggarchery

Last updated on 2025-05-01 14:49:10 CEST.

Flavor Version Tinstall Tcheck Ttotal Status Flags
r-devel-linux-x86_64-debian-clang 0.4.3 5.83 46.73 52.56 NOTE
r-devel-linux-x86_64-debian-gcc 0.4.3 4.87 33.17 38.04 NOTE
r-devel-linux-x86_64-fedora-clang 0.4.3 72.77 OK
r-devel-linux-x86_64-fedora-gcc 0.4.3 69.00 OK
r-devel-windows-x86_64 0.4.3 8.00 62.00 70.00 NOTE
r-patched-linux-x86_64 0.4.3 5.76 41.92 47.68 NOTE
r-release-linux-x86_64 NOTE
r-release-macos-arm64 0.4.3 26.00 OK
r-release-macos-x86_64 0.4.3 50.00 OK
r-release-windows-x86_64 0.4.3 9.00 64.00 73.00 NOTE
r-oldrel-macos-arm64 0.4.3 24.00 OK
r-oldrel-macos-x86_64 0.4.3 43.00 OK
r-oldrel-windows-x86_64 0.4.3 12.00 70.00 82.00 OK

Check Details

Version: 0.4.3
Check: Rd cross-references
Result: NOTE Found the following Rd file(s) with Rd \link{} targets missing package anchors: geom_arrowsegment.Rd: geom_segment Please provide package anchors for all Rd \link{} targets not in the package itself and the base packages. Flavors: r-devel-linux-x86_64-debian-clang, r-devel-linux-x86_64-debian-gcc, r-devel-windows-x86_64, r-patched-linux-x86_64, r-release-linux-x86_64, r-release-windows-x86_64

These binaries (installable software) and packages are in development.
They may not be fully stable and should be used with caution. We make no claims about them.