Last updated on 2025-02-16 10:50:47 CET.
Flavor | Version | Tinstall | Tcheck | Ttotal | Status | Flags |
---|---|---|---|---|---|---|
r-devel-linux-x86_64-debian-clang | 0.1.0 | 8.86 | 103.26 | 112.12 | NOTE | |
r-devel-linux-x86_64-debian-gcc | 0.1.0 | 4.78 | 72.07 | 76.85 | NOTE | |
r-devel-linux-x86_64-fedora-clang | 0.1.0 | 185.11 | OK | |||
r-devel-linux-x86_64-fedora-gcc | 0.1.0 | 177.22 | OK | |||
r-devel-macos-arm64 | 0.1.0 | 58.00 | OK | |||
r-devel-macos-x86_64 | 0.1.0 | 113.00 | OK | |||
r-devel-windows-x86_64 | 0.1.0 | 10.00 | 110.00 | 120.00 | NOTE | |
r-patched-linux-x86_64 | 0.1.0 | 11.73 | 93.36 | 105.09 | OK | |
r-release-linux-x86_64 | 0.1.0 | 6.41 | 93.39 | 99.80 | OK | |
r-release-macos-arm64 | 0.1.0 | 56.00 | OK | |||
r-release-macos-x86_64 | 0.1.0 | 135.00 | OK | |||
r-release-windows-x86_64 | 0.1.0 | 11.00 | 112.00 | 123.00 | OK | |
r-oldrel-macos-arm64 | 0.1.0 | 68.00 | OK | |||
r-oldrel-macos-x86_64 | 0.1.0 | 124.00 | OK | |||
r-oldrel-windows-x86_64 | 0.1.0 | 12.00 | 124.00 | 136.00 | OK |
Version: 0.1.0
Check: Rd cross-references
Result: NOTE
Found the following Rd file(s) with Rd \link{} targets missing package
anchors:
geom_arrow.Rd: aes_position, aes_colour_fill_alpha, aes_group_order,
aes_linetype_size_shape
geom_arrow_chain.Rd: aes_position, aes_colour_fill_alpha,
aes_group_order, aes_linetype_size_shape
geom_arrow_curve.Rd: aes_position, aes_colour_fill_alpha,
aes_group_order, aes_linetype_size_shape
geom_arrow_segment.Rd: aes_position, aes_colour_fill_alpha,
aes_group_order, aes_linetype_size_shape
Please provide package anchors for all Rd \link{} targets not in the
package itself and the base packages.
Flavors: r-devel-linux-x86_64-debian-clang, r-devel-linux-x86_64-debian-gcc, r-devel-windows-x86_64
These binaries (installable software) and packages are in development.
They may not be fully stable and should be used with caution. We make no claims about them.