Last updated on 2025-02-23 01:51:41 CET.
Flavor | Version | Tinstall | Tcheck | Ttotal | Status | Flags |
---|---|---|---|---|---|---|
r-devel-linux-x86_64-debian-clang | 0.3.2 | 6.83 | 101.66 | 108.49 | NOTE | |
r-devel-linux-x86_64-debian-gcc | 0.3.2 | 5.52 | 72.50 | 78.02 | NOTE | |
r-devel-linux-x86_64-fedora-clang | 0.3.2 | 164.06 | OK | |||
r-devel-linux-x86_64-fedora-gcc | 0.3.2 | 175.68 | OK | |||
r-devel-macos-arm64 | 0.3.2 | 55.00 | OK | |||
r-devel-macos-x86_64 | 0.3.2 | 98.00 | OK | |||
r-devel-windows-x86_64 | 0.3.2 | 10.00 | 109.00 | 119.00 | NOTE | |
r-patched-linux-x86_64 | 0.3.2 | 12.01 | 92.61 | 104.62 | OK | |
r-release-linux-x86_64 | 0.3.2 | 4.75 | 92.71 | 97.46 | OK | |
r-release-macos-arm64 | 0.3.2 | 51.00 | OK | |||
r-release-macos-x86_64 | 0.3.2 | 83.00 | OK | |||
r-release-windows-x86_64 | 0.3.2 | 8.00 | 110.00 | 118.00 | OK | |
r-oldrel-macos-arm64 | 0.3.2 | 55.00 | OK | |||
r-oldrel-macos-x86_64 | 0.3.2 | 106.00 | OK | |||
r-oldrel-windows-x86_64 | 0.3.2 | 11.00 | 129.00 | 140.00 | OK |
Version: 0.3.2
Check: Rd cross-references
Result: NOTE
Found the following Rd file(s) with Rd \link{} targets missing package
anchors:
stat_automap.Rd: cartographer
stat_automap_coords.Rd: cartographer
Please provide package anchors for all Rd \link{} targets not in the
package itself and the base packages.
Flavors: r-devel-linux-x86_64-debian-clang, r-devel-linux-x86_64-debian-gcc, r-devel-windows-x86_64
These binaries (installable software) and packages are in development.
They may not be fully stable and should be used with caution. We make no claims about them.