Last updated on 2025-05-01 14:49:10 CEST.
Flavor | Version | Tinstall | Tcheck | Ttotal | Status | Flags |
---|---|---|---|---|---|---|
r-devel-linux-x86_64-debian-clang | 0.7.2 | 5.20 | 62.50 | 67.70 | NOTE | |
r-devel-linux-x86_64-debian-gcc | 0.7.2 | 3.42 | 45.40 | 48.82 | NOTE | |
r-devel-linux-x86_64-fedora-clang | 0.7.2 | 96.59 | OK | |||
r-devel-linux-x86_64-fedora-gcc | 0.7.2 | 106.12 | OK | |||
r-devel-windows-x86_64 | 0.7.2 | 7.00 | 94.00 | 101.00 | NOTE | |
r-patched-linux-x86_64 | 0.7.2 | 5.04 | 57.87 | 62.91 | NOTE | |
r-release-linux-x86_64 | NOTE | |||||
r-release-macos-arm64 | 0.7.2 | 49.00 | OK | |||
r-release-macos-x86_64 | 0.7.2 | 68.00 | OK | |||
r-release-windows-x86_64 | 0.7.2 | 7.00 | 89.00 | 96.00 | NOTE | |
r-oldrel-macos-arm64 | 0.7.2 | 42.00 | OK | |||
r-oldrel-macos-x86_64 | 0.7.2 | 56.00 | OK | |||
r-oldrel-windows-x86_64 | 0.7.2 | 8.00 | 96.00 | 104.00 | OK |
Version: 0.7.2
Check: Rd cross-references
Result: NOTE
Found the following Rd file(s) with Rd \link{} targets missing package
anchors:
geom_quasirandom.Rd: geom_boxplot
Please provide package anchors for all Rd \link{} targets not in the
package itself and the base packages.
Flavors: r-devel-linux-x86_64-debian-clang, r-devel-linux-x86_64-debian-gcc, r-devel-windows-x86_64, r-patched-linux-x86_64, r-release-linux-x86_64, r-release-windows-x86_64
These binaries (installable software) and packages are in development.
They may not be fully stable and should be used with caution. We make no claims about them.