Last updated on 2025-05-01 14:49:10 CEST.
Flavor | Version | Tinstall | Tcheck | Ttotal | Status | Flags |
---|---|---|---|---|---|---|
r-devel-linux-x86_64-debian-clang | 0.6.2 | 5.34 | 49.40 | 54.74 | NOTE | |
r-devel-linux-x86_64-debian-gcc | 0.6.2 | 3.20 | 36.27 | 39.47 | NOTE | |
r-devel-linux-x86_64-fedora-clang | 0.6.2 | 74.24 | NOTE | |||
r-devel-linux-x86_64-fedora-gcc | 0.6.2 | 70.53 | NOTE | |||
r-devel-windows-x86_64 | 0.6.2 | 8.00 | 64.00 | 72.00 | NOTE | |
r-patched-linux-x86_64 | 0.6.2 | 5.11 | 44.84 | 49.95 | NOTE | |
r-release-linux-x86_64 | NOTE | |||||
r-release-macos-arm64 | 0.6.2 | 28.00 | NOTE | |||
r-release-macos-x86_64 | 0.6.2 | 41.00 | NOTE | |||
r-release-windows-x86_64 | 0.6.2 | 7.00 | 63.00 | 70.00 | NOTE | |
r-oldrel-macos-arm64 | 0.6.2 | 25.00 | OK | |||
r-oldrel-macos-x86_64 | 0.6.2 | 37.00 | OK | |||
r-oldrel-windows-x86_64 | 0.6.2 | 8.00 | 72.00 | 80.00 | OK |
Version: 0.6.2
Check: DESCRIPTION meta-information
Result: NOTE
Missing dependency on R >= 4.1.0 because package code uses the pipe
|> or function shorthand \(...) syntax added in R 4.1.0.
File(s) using such syntax:
‘crime.Rd’ ‘get_SVD.Rd’ ‘ggscreeplot.Rd’ ‘reflect.Rd’
Flavors: r-devel-linux-x86_64-debian-clang, r-devel-linux-x86_64-debian-gcc, r-devel-linux-x86_64-fedora-clang, r-devel-linux-x86_64-fedora-gcc, r-devel-windows-x86_64, r-patched-linux-x86_64, r-release-linux-x86_64, r-release-macos-arm64, r-release-macos-x86_64, r-release-windows-x86_64
These binaries (installable software) and packages are in development.
They may not be fully stable and should be used with caution. We make no claims about them.