CRAN Package Check Results for Package ggbump

Last updated on 2025-05-01 15:49:32 CEST.

Flavor Version Tinstall Tcheck Ttotal Status Flags
r-devel-linux-x86_64-debian-clang 0.1.0 4.84 40.07 44.91 NOTE
r-devel-linux-x86_64-debian-gcc 0.1.0 3.64 29.17 32.81 NOTE
r-devel-linux-x86_64-fedora-clang 0.1.0 63.21 OK
r-devel-linux-x86_64-fedora-gcc 0.1.0 63.12 OK
r-devel-windows-x86_64 0.1.0 7.00 55.00 62.00 OK
r-patched-linux-x86_64 0.1.0 4.99 36.19 41.18 OK
r-release-linux-x86_64 OK
r-release-macos-arm64 0.1.0 27.00 OK
r-release-macos-x86_64 0.1.0 39.00 OK
r-release-windows-x86_64 0.1.0 7.00 58.00 65.00 OK
r-oldrel-macos-arm64 0.1.0 23.00 NOTE
r-oldrel-macos-x86_64 0.1.0 32.00 NOTE
r-oldrel-windows-x86_64 0.1.0 7.00 62.00 69.00 NOTE

Check Details

Version: 0.1.0
Check: CRAN incoming feasibility
Result: NOTE Maintainer: ‘David Sjoberg <dav.sjob@gmail.com>’ No Authors@R field in DESCRIPTION. Please add one, modifying Authors@R: person(given = "David", family = "Sjoberg", role = c("aut", "cre"), email = "dav.sjob@gmail.com") as necessary. Flavors: r-devel-linux-x86_64-debian-clang, r-devel-linux-x86_64-debian-gcc

Version: 0.1.0
Check: LazyData
Result: NOTE 'LazyData' is specified without a 'data' directory Flavors: r-oldrel-macos-arm64, r-oldrel-macos-x86_64, r-oldrel-windows-x86_64

These binaries (installable software) and packages are in development.
They may not be fully stable and should be used with caution. We make no claims about them.