Last updated on 2025-05-08 04:52:06 CEST.
Flavor | Version | Tinstall | Tcheck | Ttotal | Status | Flags |
---|---|---|---|---|---|---|
r-devel-linux-x86_64-debian-clang | 0.5.0 | 6.77 | 74.50 | 81.27 | NOTE | |
r-devel-linux-x86_64-debian-gcc | 0.5.0 | 3.45 | 55.21 | 58.66 | NOTE | |
r-devel-linux-x86_64-fedora-clang | 0.5.0 | 114.02 | OK | |||
r-devel-linux-x86_64-fedora-gcc | 0.5.0 | 142.16 | OK | |||
r-devel-windows-x86_64 | 0.5.0 | 7.00 | 76.00 | 83.00 | OK | |
r-patched-linux-x86_64 | 0.5.0 | 6.48 | 74.12 | 80.60 | OK | |
r-release-linux-x86_64 | 0.5.0 | 4.46 | 72.07 | 76.53 | OK | |
r-release-macos-arm64 | 0.5.0 | 38.00 | OK | |||
r-release-macos-x86_64 | 0.5.0 | 70.00 | OK | |||
r-release-windows-x86_64 | 0.5.0 | 9.00 | 78.00 | 87.00 | OK | |
r-oldrel-macos-arm64 | 0.5.0 | 39.00 | OK | |||
r-oldrel-macos-x86_64 | 0.5.0 | 59.00 | OK | |||
r-oldrel-windows-x86_64 | 0.5.0 | 10.00 | 92.00 | 102.00 | OK |
Version: 0.5.0
Check: CRAN incoming feasibility
Result: NOTE
Maintainer: ‘Kyla Belisario <kyla_belisario@protonmail.com>’
No Authors@R field in DESCRIPTION.
Please add one, modifying
Authors@R: person(given = "Kyla",
family = "Belisario",
role = c("aut", "cre"),
email = "kyla_belisario@protonmail.com")
as necessary.
Flavors: r-devel-linux-x86_64-debian-clang, r-devel-linux-x86_64-debian-gcc
These binaries (installable software) and packages are in development.
They may not be fully stable and should be used with caution. We make no claims about them.