Last updated on 2025-10-23 17:50:49 CEST.
Flavor | Version | Tinstall | Tcheck | Ttotal | Status | Flags |
---|---|---|---|---|---|---|
r-devel-linux-x86_64-debian-clang | 0.2.9 | 8.33 | 116.52 | 124.85 | NOTE | |
r-devel-linux-x86_64-debian-gcc | 0.2.9 | 6.22 | 85.25 | 91.47 | OK | |
r-devel-linux-x86_64-fedora-clang | 0.2.9 | 23.00 | 158.61 | 181.61 | OK | |
r-devel-linux-x86_64-fedora-gcc | 0.2.9 | 16.00 | 165.82 | 181.82 | OK | |
r-devel-windows-x86_64 | 0.2.9 | 10.00 | 100.00 | 110.00 | OK | |
r-patched-linux-x86_64 | 0.2.9 | 7.70 | 110.20 | 117.90 | OK | |
r-release-linux-x86_64 | 0.2.9 | 7.12 | 110.13 | 117.25 | OK | |
r-release-macos-arm64 | 0.2.9 | 3.00 | 46.00 | 49.00 | OK | |
r-release-macos-x86_64 | 0.2.9 | 8.00 | 102.00 | 110.00 | OK | |
r-release-windows-x86_64 | 0.2.9 | 10.00 | 102.00 | 112.00 | OK | |
r-oldrel-macos-arm64 | 0.2.9 | 4.00 | 48.00 | 52.00 | OK | |
r-oldrel-macos-x86_64 | 0.2.9 | 7.00 | 91.00 | 98.00 | OK | |
r-oldrel-windows-x86_64 | 0.2.9 | 13.00 | 134.00 | 147.00 | OK |
Version: 0.2.9
Check: HTML version of manual
Result: NOTE
Found the following HTML validation problems:
components.html:62:1 (components.Rd:31): Warning: missing </ul> before </div>
Flavor: r-devel-linux-x86_64-debian-clang
These binaries (installable software) and packages are in development.
They may not be fully stable and should be used with caution. We make no claims about them.