Last updated on 2025-11-12 19:51:50 CET.
| Flavor | Version | Tinstall | Tcheck | Ttotal | Status | Flags |
|---|---|---|---|---|---|---|
| r-devel-linux-x86_64-debian-clang | 0.1.1 | 50.05 | 288.94 | 338.99 | OK | |
| r-devel-linux-x86_64-debian-gcc | 0.1.1 | 37.61 | 217.19 | 254.80 | OK | |
| r-devel-linux-x86_64-fedora-clang | 0.1.1 | 208.00 | 323.19 | 531.19 | OK | |
| r-devel-linux-x86_64-fedora-gcc | 0.1.1 | 101.00 | 385.29 | 486.29 | OK | |
| r-devel-windows-x86_64 | 0.1.1 | 46.00 | 266.00 | 312.00 | OK | |
| r-patched-linux-x86_64 | 0.1.1 | 50.97 | 274.70 | 325.67 | OK | |
| r-release-linux-x86_64 | 0.1.1 | 50.87 | 273.68 | 324.55 | OK | |
| r-release-macos-arm64 | 0.1.1 | 27.00 | 104.00 | 131.00 | OK | |
| r-release-macos-x86_64 | 0.1.1 | 63.00 | 218.00 | 281.00 | OK | |
| r-release-windows-x86_64 | 0.1.1 | 52.00 | 259.00 | 311.00 | OK | |
| r-oldrel-macos-arm64 | 0.1.1 | 24.00 | 110.00 | 134.00 | NOTE | |
| r-oldrel-macos-x86_64 | 0.1.1 | 69.00 | 229.00 | 298.00 | NOTE | |
| r-oldrel-windows-x86_64 | 0.1.1 | 68.00 | 331.00 | 399.00 | NOTE |
Version: 0.1.1
Check: installed package size
Result: NOTE
installed size is 9.8Mb
sub-directories of 1Mb or more:
R 8.9Mb
Flavors: r-oldrel-macos-arm64, r-oldrel-macos-x86_64, r-oldrel-windows-x86_64
These binaries (installable software) and packages are in development.
They may not be fully stable and should be used with caution. We make no claims about them.