Last updated on 2025-05-02 04:49:36 CEST.
Flavor | Version | Tinstall | Tcheck | Ttotal | Status | Flags |
---|---|---|---|---|---|---|
r-devel-linux-x86_64-debian-clang | 2.2.1 | 13.85 | 218.84 | 232.69 | NOTE | |
r-devel-linux-x86_64-debian-gcc | 2.2.1 | 9.75 | 143.79 | 153.54 | OK | |
r-devel-linux-x86_64-fedora-clang | 2.2.1 | 399.72 | OK | |||
r-devel-linux-x86_64-fedora-gcc | 2.2.1 | 383.75 | OK | |||
r-devel-windows-x86_64 | 2.2.1 | 13.00 | 231.00 | 244.00 | OK | |
r-patched-linux-x86_64 | 2.2.1 | 12.19 | 207.32 | 219.51 | OK | |
r-release-linux-x86_64 | OK | |||||
r-release-macos-arm64 | 2.2.1 | 69.00 | OK | |||
r-release-macos-x86_64 | 2.2.1 | 114.00 | OK | |||
r-release-windows-x86_64 | 2.2.1 | 15.00 | 235.00 | 250.00 | OK | |
r-oldrel-macos-arm64 | 2.2.1 | 53.00 | OK | |||
r-oldrel-macos-x86_64 | 2.2.1 | 116.00 | OK | |||
r-oldrel-windows-x86_64 | 2.2.1 | 18.00 | 311.00 | 329.00 | OK |
Version: 2.2.1
Check: examples
Result: NOTE
Examples with CPU (user + system) or elapsed time > 5s
user system elapsed
pool_comparisons 4.14 0.257 8.486
Flavor: r-devel-linux-x86_64-debian-clang
These binaries (installable software) and packages are in development.
They may not be fully stable and should be used with caution. We make no claims about them.