Last updated on 2025-11-12 12:53:11 CET.
| Flavor | Version | Tinstall | Tcheck | Ttotal | Status | Flags |
|---|---|---|---|---|---|---|
| r-devel-linux-x86_64-debian-clang | 1.0.3 | 3.36 | 173.83 | 177.19 | NOTE | |
| r-devel-linux-x86_64-debian-gcc | 1.0.3 | 2.60 | 103.37 | 105.97 | NOTE | |
| r-devel-linux-x86_64-fedora-clang | 1.0.3 | 15.00 | 280.74 | 295.74 | OK | |
| r-devel-linux-x86_64-fedora-gcc | 1.0.3 | 286.34 | OK | |||
| r-devel-windows-x86_64 | 1.0.3 | 5.00 | 181.00 | 186.00 | OK | |
| r-patched-linux-x86_64 | 1.0.3 | 4.21 | 166.67 | 170.88 | OK | |
| r-release-linux-x86_64 | 1.0.3 | 3.35 | 166.69 | 170.04 | OK | |
| r-release-macos-arm64 | 1.0.3 | 1.00 | 91.00 | 92.00 | OK | |
| r-release-macos-x86_64 | 1.0.3 | 3.00 | 172.00 | 175.00 | OK | |
| r-release-windows-x86_64 | 1.0.3 | 7.00 | 171.00 | 178.00 | OK | |
| r-oldrel-macos-arm64 | 1.0.3 | 2.00 | 74.00 | 76.00 | OK | |
| r-oldrel-macos-x86_64 | 1.0.3 | 3.00 | 131.00 | 134.00 | OK | |
| r-oldrel-windows-x86_64 | 1.0.3 | 7.00 | 228.00 | 235.00 | OK |
Version: 1.0.3
Check: CRAN incoming feasibility
Result: NOTE
Maintainer: ‘Lindsay Rutter <ggenealogypackage@gmail.com>’
No Authors@R field in DESCRIPTION.
Please add one, modifying
Authors@R: c(person(given = "Lindsay",
family = "Rutter",
role = c("aut", "cre"),
email = "ggenealogypackage@gmail.com"),
person(given = "Susan",
family = "Vanderplas",
role = "aut"),
person(given = "Di",
family = "Cook",
role = "aut"))
as necessary.
Flavors: r-devel-linux-x86_64-debian-clang, r-devel-linux-x86_64-debian-gcc
These binaries (installable software) and packages are in development.
They may not be fully stable and should be used with caution. We make no claims about them.