Last updated on 2025-02-16 10:50:47 CET.
Flavor | Version | Tinstall | Tcheck | Ttotal | Status | Flags |
---|---|---|---|---|---|---|
r-devel-linux-x86_64-debian-clang | 0.3.2 | 7.08 | 57.64 | 64.72 | NOTE | |
r-devel-linux-x86_64-debian-gcc | 0.3.2 | 5.25 | 39.97 | 45.22 | NOTE | |
r-devel-linux-x86_64-fedora-clang | 0.3.2 | 109.06 | NOTE | |||
r-devel-linux-x86_64-fedora-gcc | 0.3.2 | 98.92 | NOTE | |||
r-devel-macos-arm64 | 0.3.2 | 34.00 | OK | |||
r-devel-macos-x86_64 | 0.3.2 | 54.00 | NOTE | |||
r-devel-windows-x86_64 | 0.3.2 | 11.00 | 73.00 | 84.00 | NOTE | |
r-patched-linux-x86_64 | 0.3.2 | 9.10 | 53.15 | 62.25 | OK | |
r-release-linux-x86_64 | 0.3.2 | 7.43 | 53.43 | 60.86 | OK | |
r-release-macos-arm64 | 0.3.2 | 31.00 | OK | |||
r-release-macos-x86_64 | 0.3.2 | 61.00 | OK | |||
r-release-windows-x86_64 | 0.3.2 | 10.00 | 75.00 | 85.00 | OK | |
r-oldrel-macos-arm64 | 0.3.2 | 36.00 | OK | |||
r-oldrel-macos-x86_64 | 0.3.2 | 59.00 | OK | |||
r-oldrel-windows-x86_64 | 0.3.2 | 13.00 | 83.00 | 96.00 | OK |
Version: 0.3.2
Check: DESCRIPTION meta-information
Result: NOTE
Missing dependency on R >= 4.1.0 because package code uses the pipe
|> or function shorthand \(...) syntax added in R 4.1.0.
File(s) using such syntax:
‘geometrical_data_analysis.R’ ‘utils.R’
Flavors: r-devel-linux-x86_64-debian-clang, r-devel-linux-x86_64-debian-gcc, r-devel-linux-x86_64-fedora-clang, r-devel-linux-x86_64-fedora-gcc, r-devel-macos-x86_64, r-devel-windows-x86_64
These binaries (installable software) and packages are in development.
They may not be fully stable and should be used with caution. We make no claims about them.