Last updated on 2025-11-11 15:50:35 CET.
| Flavor | Version | Tinstall | Tcheck | Ttotal | Status | Flags |
|---|---|---|---|---|---|---|
| r-devel-linux-x86_64-debian-clang | 0.1.2 | 6.55 | 63.59 | 70.14 | NOTE | |
| r-devel-linux-x86_64-debian-gcc | 0.1.2 | 5.00 | 46.31 | 51.31 | NOTE | |
| r-devel-linux-x86_64-fedora-clang | 0.1.2 | 27.00 | 81.09 | 108.09 | NOTE | |
| r-devel-linux-x86_64-fedora-gcc | 0.1.2 | 13.00 | 82.97 | 95.97 | NOTE | |
| r-devel-windows-x86_64 | 0.1.2 | 10.00 | 72.00 | 82.00 | NOTE | |
| r-patched-linux-x86_64 | 0.1.2 | 6.51 | 57.22 | 63.73 | NOTE | |
| r-release-linux-x86_64 | 0.1.2 | 5.83 | 57.27 | 63.10 | NOTE | |
| r-release-macos-arm64 | 0.1.2 | 3.00 | 24.00 | 27.00 | NOTE | |
| r-release-macos-x86_64 | 0.1.2 | 5.00 | 40.00 | 45.00 | NOTE | |
| r-release-windows-x86_64 | 0.1.2 | 10.00 | 70.00 | 80.00 | NOTE | |
| r-oldrel-macos-arm64 | 0.1.2 | 3.00 | 26.00 | 29.00 | OK | |
| r-oldrel-macos-x86_64 | 0.1.2 | 5.00 | 44.00 | 49.00 | OK | |
| r-oldrel-windows-x86_64 | 0.1.2 | 14.00 | 83.00 | 97.00 | OK |
Version: 0.1.2
Check: DESCRIPTION meta-information
Result: NOTE
Missing dependency on R >= 4.1.0 because package code uses the pipe
|> or function shorthand \(...) syntax added in R 4.1.0.
File(s) using such syntax:
‘lib.R’
Flavors: r-devel-linux-x86_64-debian-clang, r-devel-linux-x86_64-debian-gcc, r-devel-linux-x86_64-fedora-clang, r-devel-linux-x86_64-fedora-gcc, r-devel-windows-x86_64, r-patched-linux-x86_64, r-release-linux-x86_64, r-release-macos-arm64, r-release-macos-x86_64, r-release-windows-x86_64
These binaries (installable software) and packages are in development.
They may not be fully stable and should be used with caution. We make no claims about them.