CRAN Package Check Results for Package ggfocus

Last updated on 2025-07-02 03:50:42 CEST.

Flavor Version Tinstall Tcheck Ttotal Status Flags
r-devel-linux-x86_64-debian-clang 1.0.0 5.74 63.47 69.21 OK
r-devel-linux-x86_64-debian-gcc 1.0.0 3.92 47.24 51.16 OK
r-devel-linux-x86_64-fedora-clang 1.0.0 100.47 OK
r-devel-linux-x86_64-fedora-gcc 1.0.0 113.66 OK
r-devel-windows-x86_64 1.0.0 7.00 73.00 80.00 OK
r-patched-linux-x86_64 OK
r-release-linux-x86_64 1.0.0 5.48 58.92 64.40 OK
r-release-macos-arm64 1.0.0 69.00 OK
r-release-macos-x86_64 1.0.0 71.00 OK
r-release-windows-x86_64 1.0.0 7.00 72.00 79.00 OK
r-oldrel-macos-arm64 1.0.0 36.00 NOTE
r-oldrel-macos-x86_64 1.0.0 56.00 NOTE
r-oldrel-windows-x86_64 1.0.0 9.00 87.00 96.00 NOTE

Check Details

Version: 1.0.0
Check: LazyData
Result: NOTE 'LazyData' is specified without a 'data' directory Flavors: r-oldrel-macos-arm64, r-oldrel-macos-x86_64, r-oldrel-windows-x86_64

These binaries (installable software) and packages are in development.
They may not be fully stable and should be used with caution. We make no claims about them.