Last updated on 2025-02-16 10:50:47 CET.
Flavor | Version | Tinstall | Tcheck | Ttotal | Status | Flags |
---|---|---|---|---|---|---|
r-devel-linux-x86_64-debian-clang | 1.0.0 | 5.33 | 57.01 | 62.34 | OK | |
r-devel-linux-x86_64-debian-gcc | 1.0.0 | 3.28 | 42.34 | 45.62 | OK | |
r-devel-linux-x86_64-fedora-clang | 1.0.0 | 101.60 | OK | |||
r-devel-linux-x86_64-fedora-gcc | 1.0.0 | 105.80 | OK | |||
r-devel-macos-arm64 | 1.0.0 | 41.00 | OK | |||
r-devel-macos-x86_64 | 1.0.0 | 77.00 | OK | |||
r-devel-windows-x86_64 | 1.0.0 | 7.00 | 69.00 | 76.00 | OK | |
r-patched-linux-x86_64 | 1.0.0 | 4.81 | 53.13 | 57.94 | NOTE | |
r-release-linux-x86_64 | 1.0.0 | 4.65 | 53.09 | 57.74 | NOTE | |
r-release-macos-arm64 | 1.0.0 | 36.00 | NOTE | |||
r-release-macos-x86_64 | 1.0.0 | 56.00 | NOTE | |||
r-release-windows-x86_64 | 1.0.0 | 7.00 | 70.00 | 77.00 | NOTE | |
r-oldrel-macos-arm64 | 1.0.0 | 37.00 | NOTE | |||
r-oldrel-macos-x86_64 | 1.0.0 | 58.00 | NOTE | |||
r-oldrel-windows-x86_64 | 1.0.0 | 8.00 | 74.00 | 82.00 | NOTE |
Version: 1.0.0
Check: LazyData
Result: NOTE
'LazyData' is specified without a 'data' directory
Flavors: r-patched-linux-x86_64, r-release-linux-x86_64, r-release-macos-arm64, r-release-macos-x86_64, r-release-windows-x86_64, r-oldrel-macos-arm64, r-oldrel-macos-x86_64, r-oldrel-windows-x86_64
These binaries (installable software) and packages are in development.
They may not be fully stable and should be used with caution. We make no claims about them.