Last updated on 2025-05-01 14:49:10 CEST.
Flavor | Version | Tinstall | Tcheck | Ttotal | Status | Flags |
---|---|---|---|---|---|---|
r-devel-linux-x86_64-debian-clang | 0.2.1 | 4.10 | 41.43 | 45.53 | NOTE | |
r-devel-linux-x86_64-debian-gcc | 0.2.1 | 2.92 | 31.08 | 34.00 | OK | |
r-devel-linux-x86_64-fedora-clang | 0.2.1 | 66.24 | OK | |||
r-devel-linux-x86_64-fedora-gcc | 0.2.1 | 66.99 | OK | |||
r-devel-windows-x86_64 | 0.2.1 | 7.00 | 58.00 | 65.00 | OK | |
r-patched-linux-x86_64 | 0.2.1 | 4.33 | 37.91 | 42.24 | OK | |
r-release-linux-x86_64 | OK | |||||
r-release-macos-arm64 | 0.2.1 | 30.00 | OK | |||
r-release-macos-x86_64 | 0.2.1 | 53.00 | OK | |||
r-release-windows-x86_64 | 0.2.1 | 8.00 | 57.00 | 65.00 | OK | |
r-oldrel-macos-arm64 | 0.2.1 | 30.00 | OK | |||
r-oldrel-macos-x86_64 | 0.2.1 | 45.00 | OK | |||
r-oldrel-windows-x86_64 | 0.2.1 | 7.00 | 63.00 | 70.00 | OK |
Version: 0.2.1
Check: examples
Result: NOTE
Examples with CPU (user + system) or elapsed time > 5s
user system elapsed
xg_map 3.908 0.258 7.992
Flavor: r-devel-linux-x86_64-debian-clang
These binaries (installable software) and packages are in development.
They may not be fully stable and should be used with caution. We make no claims about them.