Last updated on 2025-02-07 08:51:22 CET.
Flavor | Version | Tinstall | Tcheck | Ttotal | Status | Flags |
---|---|---|---|---|---|---|
r-devel-linux-x86_64-debian-clang | 0.1.8 | 5.94 | 62.54 | 68.48 | NOTE | |
r-devel-linux-x86_64-debian-gcc | 0.1.8 | 4.45 | 44.10 | 48.55 | NOTE | |
r-devel-linux-x86_64-fedora-clang | 0.1.8 | 114.17 | NOTE | |||
r-devel-linux-x86_64-fedora-gcc | 0.1.8 | 113.10 | NOTE | |||
r-devel-windows-x86_64 | 0.1.8 | 10.00 | 79.00 | 89.00 | NOTE | |
r-patched-linux-x86_64 | 0.1.8 | 5.53 | 56.36 | 61.89 | OK | |
r-release-linux-x86_64 | 0.1.8 | 5.16 | 58.65 | 63.81 | OK | |
r-release-macos-arm64 | 0.1.8 | 41.00 | OK | |||
r-release-macos-x86_64 | 0.1.8 | 77.00 | OK | |||
r-release-windows-x86_64 | 0.1.8 | 8.00 | 78.00 | 86.00 | OK | |
r-oldrel-macos-arm64 | 0.1.8 | 43.00 | OK | |||
r-oldrel-macos-x86_64 | 0.1.8 | 72.00 | OK | |||
r-oldrel-windows-x86_64 | 0.1.8 | 9.00 | 90.00 | 99.00 | OK |
Version: 0.1.8
Check: DESCRIPTION meta-information
Result: NOTE
Missing dependency on R >= 4.2.0 because package code uses the pipe
placeholder syntax added in R 4.2.0.
File(s) using such syntax:
‘utilities.R’
Flavors: r-devel-linux-x86_64-debian-clang, r-devel-linux-x86_64-debian-gcc, r-devel-linux-x86_64-fedora-clang, r-devel-linux-x86_64-fedora-gcc, r-devel-windows-x86_64
These binaries (installable software) and packages are in development.
They may not be fully stable and should be used with caution. We make no claims about them.