Last updated on 2025-05-01 12:49:29 CEST.
Flavor | Version | Tinstall | Tcheck | Ttotal | Status | Flags |
---|---|---|---|---|---|---|
r-devel-linux-x86_64-debian-clang | 0.1.8 | 6.12 | 67.10 | 73.22 | NOTE | |
r-devel-linux-x86_64-debian-gcc | 0.1.8 | 4.54 | 47.55 | 52.09 | NOTE | |
r-devel-linux-x86_64-fedora-clang | 0.1.8 | 106.72 | NOTE | |||
r-devel-linux-x86_64-fedora-gcc | 0.1.8 | 119.59 | NOTE | |||
r-devel-windows-x86_64 | 0.1.8 | 8.00 | 85.00 | 93.00 | NOTE | |
r-patched-linux-x86_64 | 0.1.8 | 6.73 | 62.33 | 69.06 | NOTE | |
r-release-linux-x86_64 | NOTE | |||||
r-release-macos-arm64 | 0.1.8 | 46.00 | NOTE | |||
r-release-macos-x86_64 | 0.1.8 | 73.00 | NOTE | |||
r-release-windows-x86_64 | 0.1.8 | 9.00 | 92.00 | 101.00 | NOTE | |
r-oldrel-macos-arm64 | 0.1.8 | 41.00 | OK | |||
r-oldrel-macos-x86_64 | 0.1.8 | 77.00 | OK | |||
r-oldrel-windows-x86_64 | 0.1.8 | 10.00 | 99.00 | 109.00 | OK |
Version: 0.1.8
Check: DESCRIPTION meta-information
Result: NOTE
Missing dependency on R >= 4.2.0 because package code uses the pipe
placeholder syntax added in R 4.2.0.
File(s) using such syntax:
‘utilities.R’
Flavors: r-devel-linux-x86_64-debian-clang, r-devel-linux-x86_64-debian-gcc, r-devel-linux-x86_64-fedora-clang, r-devel-linux-x86_64-fedora-gcc, r-devel-windows-x86_64, r-patched-linux-x86_64, r-release-linux-x86_64, r-release-macos-arm64, r-release-macos-x86_64, r-release-windows-x86_64
Version: 0.1.8
Check: examples
Result: NOTE
Examples with CPU (user + system) or elapsed time > 5s
user system elapsed
element_roundrect 1.108 0 11.435
Flavor: r-devel-linux-x86_64-debian-clang
These binaries (installable software) and packages are in development.
They may not be fully stable and should be used with caution. We make no claims about them.