Last updated on 2025-10-24 11:50:47 CEST.
| Flavor | Version | Tinstall | Tcheck | Ttotal | Status | Flags |
|---|---|---|---|---|---|---|
| r-devel-linux-x86_64-debian-clang | 1.0.1 | 4.09 | 57.78 | 61.87 | OK | |
| r-devel-linux-x86_64-debian-gcc | 1.0.1 | 3.97 | 42.20 | 46.17 | OK | |
| r-devel-linux-x86_64-fedora-clang | 1.0.1 | 15.00 | 79.94 | 94.94 | OK | |
| r-devel-linux-x86_64-fedora-gcc | 1.0.1 | 11.00 | 77.83 | 88.83 | OK | |
| r-devel-windows-x86_64 | 1.0.1 | 7.00 | 66.00 | 73.00 | OK | |
| r-patched-linux-x86_64 | 1.0.1 | 4.80 | 53.37 | 58.17 | OK | |
| r-release-linux-x86_64 | 1.0.1 | 4.99 | 52.98 | 57.97 | OK | |
| r-release-macos-arm64 | 1.0.1 | 3.00 | 26.00 | 29.00 | OK | |
| r-release-macos-x86_64 | 1.0.1 | 5.00 | 40.00 | 45.00 | OK | |
| r-release-windows-x86_64 | 1.0.1 | 7.00 | 65.00 | 72.00 | OK | |
| r-oldrel-macos-arm64 | 1.0.1 | 3.00 | 22.00 | 25.00 | NOTE | |
| r-oldrel-macos-x86_64 | 1.0.1 | 4.00 | 32.00 | 36.00 | NOTE | |
| r-oldrel-windows-x86_64 | 1.0.1 | 9.00 | 82.00 | 91.00 | NOTE |
Version: 1.0.1
Check: LazyData
Result: NOTE
'LazyData' is specified without a 'data' directory
Flavors: r-oldrel-macos-arm64, r-oldrel-macos-x86_64, r-oldrel-windows-x86_64
These binaries (installable software) and packages are in development.
They may not be fully stable and should be used with caution. We make no claims about them.