CRAN Package Check Results for Package gggap

Last updated on 2025-07-26 07:50:23 CEST.

Flavor Version Tinstall Tcheck Ttotal Status Flags
r-devel-linux-x86_64-debian-clang 1.0.1 4.53 47.57 52.10 OK
r-devel-linux-x86_64-debian-gcc 1.0.1 3.16 33.78 36.94 OK
r-devel-linux-x86_64-fedora-clang 1.0.1 73.99 OK
r-devel-linux-x86_64-fedora-gcc 1.0.1 70.47 OK
r-devel-windows-x86_64 1.0.1 7.00 67.00 74.00 OK
r-patched-linux-x86_64 1.0.1 5.01 43.61 48.62 OK
r-release-linux-x86_64 1.0.1 4.77 43.32 48.09 OK
r-release-macos-arm64 1.0.1 29.00 OK
r-release-macos-x86_64 1.0.1 45.00 OK
r-release-windows-x86_64 1.0.1 8.00 59.00 67.00 OK
r-oldrel-macos-arm64 1.0.1 25.00 NOTE
r-oldrel-macos-x86_64 1.0.1 36.00 NOTE
r-oldrel-windows-x86_64 1.0.1 10.00 71.00 81.00 NOTE

Check Details

Version: 1.0.1
Check: LazyData
Result: NOTE 'LazyData' is specified without a 'data' directory Flavors: r-oldrel-macos-arm64, r-oldrel-macos-x86_64, r-oldrel-windows-x86_64

These binaries (installable software) and packages are in development.
They may not be fully stable and should be used with caution. We make no claims about them.