Last updated on 2025-10-24 03:50:31 CEST.
| Flavor | Version | Tinstall | Tcheck | Ttotal | Status | Flags |
|---|---|---|---|---|---|---|
| r-devel-linux-x86_64-debian-clang | 0.3.1 | 15.07 | 305.23 | 320.30 | NOTE | |
| r-devel-linux-x86_64-debian-gcc | 0.3.1 | 10.02 | 203.97 | 213.99 | OK | |
| r-devel-linux-x86_64-fedora-clang | 0.3.1 | 41.00 | 454.86 | 495.86 | OK | |
| r-devel-linux-x86_64-fedora-gcc | 0.3.1 | 28.00 | 428.78 | 456.78 | OK | |
| r-devel-windows-x86_64 | 0.3.1 | 16.00 | 266.00 | 282.00 | OK | |
| r-patched-linux-x86_64 | 0.3.1 | 15.72 | 287.35 | 303.07 | OK | |
| r-release-linux-x86_64 | 0.3.1 | 15.60 | 288.72 | 304.32 | OK | |
| r-release-macos-arm64 | 0.3.1 | 7.00 | 102.00 | 109.00 | OK | |
| r-release-macos-x86_64 | 0.3.1 | 17.00 | 218.00 | 235.00 | OK | |
| r-release-windows-x86_64 | 0.3.1 | 17.00 | 266.00 | 283.00 | OK | |
| r-oldrel-macos-arm64 | 0.3.1 | 5.00 | 106.00 | 111.00 | OK | |
| r-oldrel-macos-x86_64 | 0.3.1 | 22.00 | 201.00 | 223.00 | OK | |
| r-oldrel-windows-x86_64 | 0.3.1 | 25.00 | 352.00 | 377.00 | OK |
Version: 0.3.1
Check: HTML version of manual
Result: NOTE
Found the following HTML validation problems:
theme_extensions.html:73:1 (theme_extensions.Rd:31): Warning: missing </ul> before </div>
Flavor: r-devel-linux-x86_64-debian-clang
These binaries (installable software) and packages are in development.
They may not be fully stable and should be used with caution. We make no claims about them.