CRAN Package Check Results for Package gghalfnorm

Last updated on 2025-05-08 04:52:06 CEST.

Flavor Version Tinstall Tcheck Ttotal Status Flags
r-devel-linux-x86_64-debian-clang 1.1.2 5.57 47.68 53.25 OK
r-devel-linux-x86_64-debian-gcc 1.1.2 3.56 34.64 38.20 OK
r-devel-linux-x86_64-fedora-clang 1.1.2 71.88 OK
r-devel-linux-x86_64-fedora-gcc 1.1.2 81.65 OK
r-devel-windows-x86_64 1.1.2 6.00 59.00 65.00 OK
r-patched-linux-x86_64 1.1.2 4.37 43.17 47.54 OK
r-release-linux-x86_64 1.1.2 4.91 43.65 48.56 OK
r-release-macos-arm64 1.1.2 29.00 OK
r-release-macos-x86_64 1.1.2 66.00 OK
r-release-windows-x86_64 1.1.2 7.00 62.00 69.00 OK
r-oldrel-macos-arm64 1.1.2 25.00 NOTE
r-oldrel-macos-x86_64 1.1.2 36.00 NOTE
r-oldrel-windows-x86_64 1.1.2 8.00 71.00 79.00 NOTE

Check Details

Version: 1.1.2
Check: LazyData
Result: NOTE 'LazyData' is specified without a 'data' directory Flavors: r-oldrel-macos-arm64, r-oldrel-macos-x86_64, r-oldrel-windows-x86_64

These binaries (installable software) and packages are in development.
They may not be fully stable and should be used with caution. We make no claims about them.