CRAN Package Check Results for Package gghalves

Last updated on 2025-05-08 04:52:06 CEST.

Flavor Version Tinstall Tcheck Ttotal Status Flags
r-devel-linux-x86_64-debian-clang 0.1.4 6.24 58.49 64.73 OK
r-devel-linux-x86_64-debian-gcc 0.1.4 4.32 43.04 47.36 OK
r-devel-linux-x86_64-fedora-clang 0.1.4 93.35 NOTE
r-devel-linux-x86_64-fedora-gcc 0.1.4 119.74 NOTE
r-devel-windows-x86_64 0.1.4 8.00 71.00 79.00 OK
r-patched-linux-x86_64 0.1.4 6.03 54.16 60.19 OK
r-release-linux-x86_64 0.1.4 5.77 55.44 61.21 OK
r-release-macos-arm64 0.1.4 89.00 OK
r-release-macos-x86_64 0.1.4 72.00 OK
r-release-windows-x86_64 0.1.4 8.00 72.00 80.00 OK
r-oldrel-macos-arm64 0.1.4 38.00 OK
r-oldrel-macos-x86_64 0.1.4 59.00 OK
r-oldrel-windows-x86_64 0.1.4 10.00 85.00 95.00 OK

Check Details

Version: 0.1.4
Check: dependencies in R code
Result: NOTE Namespaces in Imports field not imported from: ‘grDevices’ ‘gtable’ All declared Imports should be used. Flavors: r-devel-linux-x86_64-fedora-clang, r-devel-linux-x86_64-fedora-gcc

These binaries (installable software) and packages are in development.
They may not be fully stable and should be used with caution. We make no claims about them.