Last updated on 2025-02-02 14:48:23 CET.
Flavor | Version | Tinstall | Tcheck | Ttotal | Status | Flags |
---|---|---|---|---|---|---|
r-devel-linux-x86_64-debian-clang | 0.1.4 | 5.31 | 54.62 | 59.93 | OK | |
r-devel-linux-x86_64-debian-gcc | 0.1.4 | 3.95 | 38.72 | 42.67 | OK | |
r-devel-linux-x86_64-fedora-clang | 0.1.4 | 97.96 | NOTE | |||
r-devel-linux-x86_64-fedora-gcc | 0.1.4 | 101.69 | NOTE | |||
r-devel-windows-x86_64 | 0.1.4 | 7.00 | 68.00 | 75.00 | OK | |
r-patched-linux-x86_64 | 0.1.4 | 5.10 | 49.01 | 54.11 | OK | |
r-release-linux-x86_64 | 0.1.4 | 5.25 | 49.09 | 54.34 | OK | |
r-release-macos-arm64 | 0.1.4 | 38.00 | OK | |||
r-release-macos-x86_64 | 0.1.4 | 59.00 | OK | |||
r-release-windows-x86_64 | 0.1.4 | 8.00 | 67.00 | 75.00 | OK | |
r-oldrel-macos-arm64 | 0.1.4 | 36.00 | OK | |||
r-oldrel-macos-x86_64 | 0.1.4 | 59.00 | OK | |||
r-oldrel-windows-x86_64 | 0.1.4 | 8.00 | 76.00 | 84.00 | OK |
Version: 0.1.4
Check: dependencies in R code
Result: NOTE
Namespaces in Imports field not imported from:
‘grDevices’ ‘gtable’
All declared Imports should be used.
Flavors: r-devel-linux-x86_64-fedora-clang, r-devel-linux-x86_64-fedora-gcc
These binaries (installable software) and packages are in development.
They may not be fully stable and should be used with caution. We make no claims about them.