CRAN Package Check Results for Package gghdx

Last updated on 2025-05-01 12:49:29 CEST.

Flavor Version Tinstall Tcheck Ttotal Status Flags
r-devel-linux-x86_64-debian-clang 0.1.4 6.17 98.94 105.11 NOTE
r-devel-linux-x86_64-debian-gcc 0.1.4 4.47 68.75 73.22 OK
r-devel-linux-x86_64-fedora-clang 0.1.4 146.11 OK
r-devel-linux-x86_64-fedora-gcc 0.1.4 158.78 OK
r-devel-windows-x86_64 0.1.4 9.00 104.00 113.00 OK
r-patched-linux-x86_64 0.1.4 5.85 91.72 97.57 OK
r-release-linux-x86_64 OK
r-release-macos-arm64 0.1.4 65.00 OK
r-release-macos-x86_64 0.1.4 89.00 OK
r-release-windows-x86_64 0.1.4 8.00 110.00 118.00 OK
r-oldrel-macos-arm64 0.1.4 56.00 OK
r-oldrel-macos-x86_64 0.1.4 88.00 OK
r-oldrel-windows-x86_64 0.1.4 10.00 127.00 137.00 OK

Check Details

Version: 0.1.4
Check: examples
Result: NOTE Examples with CPU (user + system) or elapsed time > 5s user system elapsed geom_text_family 2.978 0.195 15.083 gghdx 2.651 0.036 6.147 Flavor: r-devel-linux-x86_64-debian-clang

These binaries (installable software) and packages are in development.
They may not be fully stable and should be used with caution. We make no claims about them.