CRAN Package Check Results for Package gghilbertstrings

Last updated on 2025-10-23 11:50:14 CEST.

Flavor Version Tinstall Tcheck Ttotal Status Flags
r-devel-linux-x86_64-debian-clang 0.3.3 10.09 102.57 112.66 NOTE
r-devel-linux-x86_64-debian-gcc 0.3.3 6.75 63.10 69.85 NOTE
r-devel-linux-x86_64-fedora-clang 0.3.3 44.00 142.59 186.59 NOTE
r-devel-linux-x86_64-fedora-gcc 0.3.3 28.00 133.70 161.70 NOTE
r-devel-windows-x86_64 0.3.3 15.00 107.00 122.00 NOTE
r-patched-linux-x86_64 0.3.3 8.67 93.64 102.31 NOTE
r-release-linux-x86_64 0.3.3 9.46 94.18 103.64 NOTE
r-release-macos-arm64 0.3.3 7.00 48.00 55.00 NOTE
r-release-macos-x86_64 0.3.3 9.00 83.00 92.00 NOTE
r-release-windows-x86_64 0.3.3 18.00 108.00 126.00 NOTE
r-oldrel-macos-arm64 0.3.3 6.00 38.00 44.00 NOTE
r-oldrel-macos-x86_64 0.3.3 7.00 68.00 75.00 NOTE
r-oldrel-windows-x86_64 0.3.3 18.00 154.00 172.00 NOTE

Check Details

Version: 0.3.3
Check: C++ specification
Result: NOTE Specified C++11: please drop specification unless essential Flavors: r-devel-linux-x86_64-debian-clang, r-devel-linux-x86_64-debian-gcc, r-devel-linux-x86_64-fedora-clang, r-devel-linux-x86_64-fedora-gcc, r-devel-windows-x86_64, r-patched-linux-x86_64, r-release-linux-x86_64, r-release-macos-arm64, r-release-macos-x86_64, r-release-windows-x86_64, r-oldrel-macos-arm64, r-oldrel-macos-x86_64, r-oldrel-windows-x86_64

These binaries (installable software) and packages are in development.
They may not be fully stable and should be used with caution. We make no claims about them.