Last updated on 2025-05-21 21:49:18 CEST.
Flavor | Version | Tinstall | Tcheck | Ttotal | Status | Flags |
---|---|---|---|---|---|---|
r-devel-linux-x86_64-debian-clang | 0.3.3 | 10.16 | 96.78 | 106.94 | NOTE | |
r-devel-linux-x86_64-debian-gcc | 0.3.3 | 7.03 | 64.48 | 71.51 | NOTE | |
r-devel-linux-x86_64-fedora-clang | 0.3.3 | 174.98 | NOTE | |||
r-devel-linux-x86_64-fedora-gcc | 0.3.3 | 162.16 | NOTE | |||
r-devel-windows-x86_64 | 0.3.3 | 16.00 | 118.00 | 134.00 | NOTE | |
r-patched-linux-x86_64 | 0.3.3 | 10.05 | 94.38 | 104.43 | NOTE | |
r-release-linux-x86_64 | 0.3.3 | 9.88 | 91.50 | 101.38 | NOTE | |
r-release-macos-arm64 | 0.3.3 | 55.00 | NOTE | |||
r-release-macos-x86_64 | 0.3.3 | 92.00 | NOTE | |||
r-release-windows-x86_64 | 0.3.3 | 16.00 | 114.00 | 130.00 | NOTE | |
r-oldrel-macos-arm64 | 0.3.3 | 44.00 | NOTE | |||
r-oldrel-macos-x86_64 | 0.3.3 | 75.00 | NOTE | |||
r-oldrel-windows-x86_64 | 0.3.3 | 16.00 | 148.00 | 164.00 | NOTE |
Version: 0.3.3
Check: C++ specification
Result: NOTE
Specified C++11: please drop specification unless essential
Flavors: r-devel-linux-x86_64-debian-clang, r-devel-linux-x86_64-debian-gcc, r-devel-linux-x86_64-fedora-clang, r-devel-linux-x86_64-fedora-gcc, r-devel-windows-x86_64, r-patched-linux-x86_64, r-release-linux-x86_64, r-release-macos-arm64, r-release-macos-x86_64, r-release-windows-x86_64, r-oldrel-macos-arm64, r-oldrel-macos-x86_64, r-oldrel-windows-x86_64
These binaries (installable software) and packages are in development.
They may not be fully stable and should be used with caution. We make no claims about them.