CRAN Package Check Results for Package gghilbertstrings

Last updated on 2025-07-23 05:48:45 CEST.

Flavor Version Tinstall Tcheck Ttotal Status Flags
r-devel-linux-x86_64-debian-clang 0.3.3 9.89 96.40 106.29 NOTE
r-devel-linux-x86_64-debian-gcc 0.3.3 7.42 65.05 72.47 NOTE
r-devel-linux-x86_64-fedora-clang 0.3.3 165.73 NOTE
r-devel-linux-x86_64-fedora-gcc 0.3.3 154.53 NOTE
r-devel-windows-x86_64 0.3.3 16.00 104.00 120.00 NOTE
r-patched-linux-x86_64 0.3.3 10.07 92.09 102.16 NOTE
r-release-linux-x86_64 0.3.3 9.30 92.51 101.81 NOTE
r-release-macos-arm64 0.3.3 55.00 NOTE
r-release-macos-x86_64 0.3.3 92.00 NOTE
r-release-windows-x86_64 0.3.3 15.00 108.00 123.00 NOTE
r-oldrel-macos-arm64 0.3.3 44.00 NOTE
r-oldrel-macos-x86_64 0.3.3 75.00 NOTE
r-oldrel-windows-x86_64 0.3.3 16.00 150.00 166.00 NOTE

Check Details

Version: 0.3.3
Check: C++ specification
Result: NOTE Specified C++11: please drop specification unless essential Flavors: r-devel-linux-x86_64-debian-clang, r-devel-linux-x86_64-debian-gcc, r-devel-linux-x86_64-fedora-clang, r-devel-linux-x86_64-fedora-gcc, r-devel-windows-x86_64, r-patched-linux-x86_64, r-release-linux-x86_64, r-release-macos-arm64, r-release-macos-x86_64, r-release-windows-x86_64, r-oldrel-macos-arm64, r-oldrel-macos-x86_64, r-oldrel-windows-x86_64

These binaries (installable software) and packages are in development.
They may not be fully stable and should be used with caution. We make no claims about them.