CRAN Package Check Results for Package gginference

Last updated on 2025-07-12 19:50:01 CEST.

Flavor Version Tinstall Tcheck Ttotal Status Flags
r-devel-linux-x86_64-debian-clang 0.1.3 5.53 48.96 54.49 OK
r-devel-linux-x86_64-debian-gcc 0.1.3 3.65 35.29 38.94 OK
r-devel-linux-x86_64-fedora-clang 0.1.3 84.78 NOTE
r-devel-linux-x86_64-fedora-gcc 0.1.3 77.80 NOTE
r-devel-windows-x86_64 0.1.3 8.00 66.00 74.00 OK
r-patched-linux-x86_64 0.1.3 5.56 45.11 50.67 OK
r-release-linux-x86_64 0.1.3 4.57 45.41 49.98 OK
r-release-macos-arm64 0.1.3 29.00 OK
r-release-macos-x86_64 0.1.3 44.00 OK
r-release-windows-x86_64 0.1.3 8.00 66.00 74.00 OK
r-oldrel-macos-arm64 0.1.3 26.00 OK
r-oldrel-macos-x86_64 0.1.3 38.00 OK
r-oldrel-windows-x86_64 0.1.3 9.00 76.00 85.00 OK

Check Details

Version: 0.1.3
Check: dependencies in R code
Result: NOTE Namespace in Imports field not imported from: ‘utils’ All declared Imports should be used. Flavors: r-devel-linux-x86_64-fedora-clang, r-devel-linux-x86_64-fedora-gcc

These binaries (installable software) and packages are in development.
They may not be fully stable and should be used with caution. We make no claims about them.