Last updated on 2025-05-01 08:52:34 CEST.
Flavor | Version | Tinstall | Tcheck | Ttotal | Status | Flags |
---|---|---|---|---|---|---|
r-devel-linux-x86_64-debian-clang | 0.8.13 | 69.98 | 172.06 | 242.04 | NOTE | |
r-devel-linux-x86_64-debian-gcc | 0.8.13 | 46.66 | 120.22 | 166.88 | OK | |
r-devel-linux-x86_64-fedora-clang | 0.8.13 | 465.24 | OK | |||
r-devel-linux-x86_64-fedora-gcc | 0.8.13 | 401.28 | OK | |||
r-devel-windows-x86_64 | 0.8.13 | 94.00 | 203.00 | 297.00 | OK | |
r-patched-linux-x86_64 | 0.8.13 | 69.09 | 164.26 | 233.35 | OK | |
r-release-linux-x86_64 | OK | |||||
r-release-macos-arm64 | 0.8.13 | 171.00 | OK | |||
r-release-macos-x86_64 | 0.8.13 | 211.00 | OK | |||
r-release-windows-x86_64 | 0.8.13 | 95.00 | 204.00 | 299.00 | OK | |
r-oldrel-macos-arm64 | 0.8.13 | 109.00 | NOTE | |||
r-oldrel-macos-x86_64 | 0.8.13 | 180.00 | NOTE | |||
r-oldrel-windows-x86_64 | 0.8.13 | 102.00 | 257.00 | 359.00 | OK |
Version: 0.8.13
Check: examples
Result: NOTE
Examples with CPU (user + system) or elapsed time > 5s
user system elapsed
labeller_interactive 5.887 0.027 6.735
guide_legend_interactive 5.133 0.013 9.948
scale_viridis_interactive 3.911 0.087 6.392
geom_sf_interactive 3.675 0.055 6.316
geom_density_2d_interactive 3.135 0.065 14.405
guide_bins_interactive 2.606 0.024 6.570
geom_quantile_interactive 2.073 0.071 7.203
geom_boxplot_interactive 1.577 0.003 5.671
Flavor: r-devel-linux-x86_64-debian-clang
Version: 0.8.13
Check: installed package size
Result: NOTE
installed size is 6.3Mb
sub-directories of 1Mb or more:
libs 4.2Mb
Flavors: r-oldrel-macos-arm64, r-oldrel-macos-x86_64
These binaries (installable software) and packages are in development.
They may not be fully stable and should be used with caution. We make no claims about them.