Last updated on 2025-07-03 03:49:41 CEST.
Flavor | Version | Tinstall | Tcheck | Ttotal | Status | Flags |
---|---|---|---|---|---|---|
r-devel-linux-x86_64-debian-clang | 0.8.13 | 70.10 | 172.90 | 243.00 | OK | |
r-devel-linux-x86_64-debian-gcc | 0.8.13 | 47.46 | 118.43 | 165.89 | OK | |
r-devel-linux-x86_64-fedora-clang | 0.8.13 | 404.32 | OK | |||
r-devel-linux-x86_64-fedora-gcc | 0.8.13 | 378.30 | OK | |||
r-devel-windows-x86_64 | 0.8.13 | 90.00 | 212.00 | 302.00 | OK | |
r-patched-linux-x86_64 | 0.8.13 | 70.29 | 163.73 | 234.02 | OK | |
r-release-linux-x86_64 | 0.8.13 | 66.56 | 163.54 | 230.10 | OK | |
r-release-macos-arm64 | 0.8.13 | 171.00 | OK | |||
r-release-macos-x86_64 | 0.8.13 | 211.00 | OK | |||
r-release-windows-x86_64 | 0.8.13 | 96.00 | 208.00 | 304.00 | OK | |
r-oldrel-macos-arm64 | 0.8.13 | 109.00 | NOTE | |||
r-oldrel-macos-x86_64 | 0.8.13 | 180.00 | NOTE | |||
r-oldrel-windows-x86_64 | 0.8.13 | 111.00 | 253.00 | 364.00 | OK |
Version: 0.8.13
Check: installed package size
Result: NOTE
installed size is 6.3Mb
sub-directories of 1Mb or more:
libs 4.2Mb
Flavors: r-oldrel-macos-arm64, r-oldrel-macos-x86_64
These binaries (installable software) and packages are in development.
They may not be fully stable and should be used with caution. We make no claims about them.