CRAN Package Check Results for Package ggiraphExtra

Last updated on 2025-05-01 14:49:10 CEST.

Flavor Version Tinstall Tcheck Ttotal Status Flags
r-devel-linux-x86_64-debian-clang 0.3.0 15.81 184.71 200.52 NOTE
r-devel-linux-x86_64-debian-gcc 0.3.0 10.89 131.06 141.95 OK
r-devel-linux-x86_64-fedora-clang 0.3.0 314.81 OK
r-devel-linux-x86_64-fedora-gcc 0.3.0 323.65 OK
r-devel-windows-x86_64 0.3.0 15.00 182.00 197.00 OK
r-patched-linux-x86_64 0.3.0 16.44 178.27 194.71 OK
r-release-linux-x86_64 OK
r-release-macos-arm64 0.3.0 93.00 OK
r-release-macos-x86_64 0.3.0 470.00 OK
r-release-windows-x86_64 0.3.0 18.00 191.00 209.00 OK
r-oldrel-macos-arm64 0.3.0 87.00 OK
r-oldrel-macos-x86_64 0.3.0 173.00 OK
r-oldrel-windows-x86_64 0.3.0 21.00 233.00 254.00 OK

Check Details

Version: 0.3.0
Check: examples
Result: NOTE Examples with CPU (user + system) or elapsed time > 5s user system elapsed ggSpine 5.095 0.041 6.727 ggPair 4.653 0.102 5.653 ggViolin 3.232 0.028 10.188 ggBoxplot 2.838 0.071 5.934 ggHeatmap 2.113 0.036 6.549 ggDot 1.962 0.000 5.767 ggArea 1.645 0.075 7.183 Flavor: r-devel-linux-x86_64-debian-clang

These binaries (installable software) and packages are in development.
They may not be fully stable and should be used with caution. We make no claims about them.