Last updated on 2025-02-19 16:50:49 CET.
Flavor | Version | Tinstall | Tcheck | Ttotal | Status | Flags |
---|---|---|---|---|---|---|
r-devel-linux-x86_64-debian-clang | 0.4.1 | 3.81 | 37.76 | 41.57 | NOTE | |
r-devel-linux-x86_64-debian-gcc | 0.4.1 | 3.26 | 28.12 | 31.38 | NOTE | |
r-devel-linux-x86_64-fedora-clang | 0.4.1 | 67.26 | OK | |||
r-devel-linux-x86_64-fedora-gcc | 0.4.1 | 81.63 | OK | |||
r-devel-macos-arm64 | 0.4.1 | 33.00 | OK | |||
r-devel-macos-x86_64 | 0.4.1 | 75.00 | OK | |||
r-devel-windows-x86_64 | 0.4.1 | 6.00 | 55.00 | 61.00 | NOTE | |
r-patched-linux-x86_64 | 0.4.1 | 9.66 | 35.01 | 44.67 | NOTE | |
r-release-linux-x86_64 | 0.4.1 | 3.86 | 35.01 | 38.87 | NOTE | |
r-release-macos-arm64 | 0.4.1 | 31.00 | NOTE | |||
r-release-macos-x86_64 | 0.4.1 | 44.00 | NOTE | |||
r-release-windows-x86_64 | 0.4.1 | 6.00 | 59.00 | 65.00 | NOTE | |
r-oldrel-macos-arm64 | 0.4.1 | 28.00 | NOTE | |||
r-oldrel-macos-x86_64 | 0.4.1 | 44.00 | NOTE | |||
r-oldrel-windows-x86_64 | 0.4.1 | 7.00 | 60.00 | 67.00 | NOTE |
Version: 0.4.1
Check: Rd cross-references
Result: NOTE
Found the following Rd file(s) with Rd \link{} targets missing package
anchors:
ggjoy.Rd: ggridges
Please provide package anchors for all Rd \link{} targets not in the
package itself and the base packages.
Flavors: r-devel-linux-x86_64-debian-clang, r-devel-linux-x86_64-debian-gcc, r-devel-windows-x86_64
Version: 0.4.1
Check: LazyData
Result: NOTE
'LazyData' is specified without a 'data' directory
Flavors: r-patched-linux-x86_64, r-release-linux-x86_64, r-release-macos-arm64, r-release-macos-x86_64, r-release-windows-x86_64, r-oldrel-macos-arm64, r-oldrel-macos-x86_64, r-oldrel-windows-x86_64
These binaries (installable software) and packages are in development.
They may not be fully stable and should be used with caution. We make no claims about them.